{"id":9677,"date":"2025-09-14T20:37:31","date_gmt":"2025-09-14T20:37:31","guid":{"rendered":"https:\/\/hubertpietka.bialystok.pl\/?page_id=9677"},"modified":"2025-09-14T20:37:31","modified_gmt":"2025-09-14T20:37:31","slug":"wysrodkowanie-pewnych-wyrazen-zaakcentowaniem-tendencji","status":"publish","type":"page","link":"https:\/\/hubertpietka.bialystok.pl\/?page_id=9677","title":{"rendered":"Wy\u015brodkowanie \/ pewnych wyra\u017ce\u0144 &#8211; zaakcentowaniem tendencji"},"content":{"rendered":"\n<p>1.<br>Je\u015bli wyrazi\u0142em si\u0119 zbyt ogl\u0119dnie<br>Nazywaj\u0105c wsp\u00f3\u0142prac\u0119 ze zbrodniami bandyckimi<br>Nominalnie lewactwem to przepraszam tych<br>Kt\u00f3rych mog\u0142em tym urazi\u0107<br>Czasem cz\u0142owiek nie do ko\u0144ca<br>\u015aci\u015ble si\u0119 wyrazi na pr\u0119dce<br>My\u015bl\u0119 \u017ce takim wystarczy okre\u015blenie<br>Po prostu \u0142ajdaki z\u0142u zaprzedane<br>Wiem przecie\u017c \u017ce mog\u0105 by\u0107<br>Tak zwani porz\u0105dni atei\u015bci<br>Kt\u00f3rzy uznaj\u0105 warto\u015bci Dekalogu<br>Bo te s\u0105 niejako<br>W sercu zapisane<br>Cho\u0107 to jest bardzo trudne<br>Bez kr\u0119gos\u0142upu moralnego wytrwa\u0142ej wiary<br>Szczeg\u00f3lnie w tym \u015bwiecie<br>Kt\u00f3ry relatywizuje ob\u0142\u0119dnie warto\u015bci wszelkie<br>Pod\u0142ug wszelkiego znieprawienia ideologicznego<br>Podobnie zreszt\u0105 nie uwa\u017cam cho\u0107by<br>\u017be wszyscy muzu\u0142manie s\u0105<br>Nie w porz\u0105dku je\u015bli podobnie<br>\u017byj\u0105 w zgodzie z normami<br>Warto\u015bci uniwersalnych w Dekalogu speuntowanymi<br>Podobnie i nie lekcewaz\u0119<br>Warto\u015bci innych religii cho\u0107by wschodu<br>Z kr\u0119g\u00f3w Azji je\u015bli sprawiaj\u0105<br>One sprawiedliwo\u015b\u0107 w ludziach<br>Pod\u0142ug warto\u015bci Bo\u017cych kt\u00f3re mog\u0105<br>By\u0107 przecie\u017c nazywane r\u00f3\u017cnie<br>Tak samo nie uwa\u017cam Afryka\u0144czyk\u00f3w<br>Za gorszych od ludzi zachodu<br>Wr\u0119cz przeciwnie powa\u017cam ich bardzo<br>Ale to nie znaczy \u017ce<br>Mam si\u0119 godzi\u0107 na wysy\u0142aniu<br>Do Polski z zachodu<br>Takich r\u00f3\u017cnych wszelkich chyba najgorszych<br>I powiem te\u017c jeszcze<br>\u017be bardzo ceni\u0119 prawos\u0142awnych Polak\u00f3w<br>Wiernych ideowo warto\u015bciom wiary chrze\u015bcija\u0144skiej<br>Tak te\u017c z protestantami<br>I tak dalej<br>To jednak nie znaczy<br>\u017be nie b\u0119d\u0119 sprzeciwia\u0142 si\u0119<br>Wszelkim \u0142ajdakom kim by oni nie byli<br>Tym wszystkim kt\u00f3rzy ideologicznie<br>Z\u0142o nazywaj\u0105 dobrem<br>I te\u017c na odwr\u00f3t<br>Tym kt\u00f3rzy akceptuj\u0105 wszelkie zbrodnie<br>Pod\u0142ug cywilizacji \u015bmierci<br>I ob\u0142udy piekielnej bestii bandyckich<br>Tych kt\u00f3rzy podzielaj\u0105 i wsp\u00f3\u0142uczestnicz\u0105<br>W ich wszelkich bezpardonowych atakach<br>Na Bo\u017ce warto\u015bci i niewinnych<br>Czy to nas naszego naszych<br>Dotyczy czy wszelkich innych<br>Musia\u0142em to tu wyja\u015bni\u0107<br>By nie by\u0142o niedopowiedze\u0144 jakich\u015b<br>Oczywi\u015bcie przeciwko mnie nam<br>Wykorzystywanych przez bandyctwo zawsze \u015bci\u015ble<\/p>\n\n\n\n<p>2.<br>I jeszcze &#8222;dodam troch\u0119 dziegdziu<br>Do beczki miodu&#8221;<br>Uwa\u017cam niestety \u017ce i katolicy<br>Zreszt\u0105 jacykolwiek uwa\u017caj\u0105cy si\u0119<br>Za wierz\u0105cych w aspekcie prawicowym<br>Te\u017c niestety mog\u0105<br>&#8222;W pi\u0119tk\u0119 goni\u0107&#8221; przys\u0142owiowo<br>\u017bona przejrza\u0142a dok\u0142adnie program przedmiotu<br>Kt\u00f3ry uczy dla podstaw\u00f3wki<br>Mianowicie tej os\u0142awionej Edukacji Zdrowotnej<br>I paradoksalnie nie znalaz\u0142a tam<br>Nic a\u017c tak gorsz\u0105cego<br>A ja jej wierz\u0119<br>Nie wiem jak jest<br>Z tym dla szk\u00f3\u0142 \u015brednich<br>Ale tutaj te ataki<br>Mo\u017ce warto by przemy\u015ble\u0107 jednak<br>I t\u0105 negacj\u0119 wszelk\u0105<br>Wiem \u017ce tak si\u0119 sta\u0142o<br>Pewnie i po wcze\u015bniejszych protestach<br>Z tym programem ale jednak<br>Kontestacja w grupach cho\u0107by katolik\u00f3w<br>Trwa w najlepsze dalej<br>A co maj\u0105 robi\u0107 katecheci<br>Kt\u00f3rym obci\u0119to etaty wi\u0119c poszli<br>Naturalnie w stron\u0119 Edukacji Zdrowotnej<br>P\u00f3j\u015b\u0107 kopa\u0107 rowy<br>Zreszt\u0105 wsp\u00f3\u0142cze\u015bnie to koparki robi\u0105<br>Cz\u0119sto nawet same tak na marginesie tak\u017ce<br>Przecie\u017c chyba jest najwa\u017cniejsze<br>Kto jak przedstawia r\u00f3\u017cne tre\u015bci<br>I na wszystko mo\u017cna patrze\u0107<br>Z humanistycznego punktu widzenia<br>A nawet trzeba<br>Bo chyba niestety perspektywa religijna<br>Si\u0119 jako\u015b tutaj wobec dzieci<br>I m\u0142odzie\u017cy gdzie\u015b zagubi\u0142a<br>A nie da si\u0119 tego<br>Robi\u0107 na tak zwan\u0105 si\u0142\u0119<br>Mo\u017ce warto to przemy\u015ble\u0107 wszystko<br>Cho\u0107by ju\u017c nawet kontestacj\u0119<br>Kosztem czyjej\u015b pracy<br>A ty by\u015b tak chcia\u0142<br>Na lodzie si\u0119 znale\u017a\u0107<br>W jednej chwili<br>Cho\u0107 tego kroku rz\u0105du<br>Nie pochwalam oczywi\u015bcie<br>Ale jest z tego chyba<br>Salomonowe wyj\u015bcie &#8222;by dziecka<br>Nie wylewa\u0107 z k\u0105piel\u0105&#8221;<br>M\u00f3wi\u0105c zn\u00f3w przys\u0142owiowo skoro ju\u017c<br>Zaistnia\u0142a sytuacja taka<br>A mo\u017ce kiedy\u015b uda si\u0119<br>J\u0105 odwr\u00f3ci\u0107 nie zostawiaj\u0105c jednak<br>Pora\u017caj\u0105cej pustki<\/p>\n\n\n\n<p>3.<br>I wcale nie uwa\u017cam<br>\u017be jestem nieomylny we wszystkim<br>Czy doskona\u0142y mam swoje s\u0142abo\u015bci<br>Kt\u00f3re z wiekiem trudniej si\u0119<br>Te\u017c znosi co faktu te\u017c<br>Nie zmienia \u017ce w Bogu<br>Staramy si\u0119 by\u0107 z \u017con\u0105<br>Tym czym mamy by\u0107<br>Wbrew nienawi\u015bci bandyckich bestii<br>I r\u00f3\u017cnych atak\u00f3w wszelkich \u0142ajdak\u00f3w<\/p>\n\n\n\n<p><strong><em><a href=\"https:\/\/youtu.be\/s3LM4mliBs0\">Baranovsky &#8211; Lubi\u0119 by\u0107 z ni\u0105 <\/a><\/em><\/strong><\/p>\n\n\n\n<p>I zapyta\u0142am na koniec skromnie<br>Lepiej jest jak *<strong>lubi\u0119 by\u0107 z ni\u0105<\/strong>*<br>Nawet je\u015bli czasem porozumie\u0107 si\u0119<br>Bywa \u017ce trudno<br>Ze zwyk\u0142ych cz\u0119sto przyczyn<br>S\u0142abo\u015bci czy przesilenia czynnikiem \u0142ajdacko-bandyckim<br>Czy mo\u017ce *<strong>lubie\u017cy\u0107 z inn\u0105<\/strong>*<br>Pod\u0142ug sakramentu ma\u0142\u017ce\u0144stwa dla mnie<br>Dla nas jest tu odpowied\u017a<br>Oczywista kt\u00f3ra podparli\u015bmy w Bogu<br>T\u0105 przysi\u0119g\u0105 &#8222;a\u017c do \u015bmierci&#8221;<br>Tej mi\u0142o\u015bci i wali mnie<br>Za przeproszeniem czy si\u0119 to<br>Komu\u015b podoba czy mo\u017ce nie<br>Bo to by\u0142o bestie babdyckie<br>I \u0142ajdaki bydlackie w Bogu<br>Nie pod\u0142ug k\u0142amstw ob\u0142udy diabelskiej<br>Ku zbrodniom szata\u0144skim wszelkim<\/p>\n\n\n\n<figure class=\"wp-block-gallery has-nested-images columns-default is-cropped wp-block-gallery-1 is-layout-flex wp-block-gallery-is-layout-flex\">\n<figure class=\"wp-block-image size-large\"><a href=\"https:\/\/hubertpietka.bialystok.pl\/wp-content\/uploads\/2025\/09\/1000025246.jpg\"><img loading=\"lazy\" decoding=\"async\" width=\"771\" height=\"1024\" data-id=\"9678\" src=\"https:\/\/hubertpietka.bialystok.pl\/wp-content\/uploads\/2025\/09\/1000025246-771x1024.jpg\" alt=\"\" class=\"wp-image-9678\" srcset=\"https:\/\/hubertpietka.bialystok.pl\/wp-content\/uploads\/2025\/09\/1000025246-771x1024.jpg 771w, https:\/\/hubertpietka.bialystok.pl\/wp-content\/uploads\/2025\/09\/1000025246-226x300.jpg 226w, https:\/\/hubertpietka.bialystok.pl\/wp-content\/uploads\/2025\/09\/1000025246-768x1020.jpg 768w, https:\/\/hubertpietka.bialystok.pl\/wp-content\/uploads\/2025\/09\/1000025246.jpg 851w\" sizes=\"auto, (max-width: 771px) 100vw, 771px\" \/><\/a><\/figure>\n<\/figure>\n\n\n\n<p><strong>Trzeba by\u0107 cz\u0142owiek dobrej woli<br>I czystych wobec innych intencji<br>Trzeba docenia\u0107 w Bo\u017cej prawdzie<br>Niezbywaln\u0105 warto\u015b\u0107 cz\u0142owiecze\u0144stwa<br>I \u017cycia ludzkiego godno\u015bci jego<br>Nie tylko tych kt\u00f3rym wydaje<br>Si\u0119 \u017ce s\u0105 mo\u017ce lepsi<br>Niestety chyba w bestialstwach i \u0142ajdactwach<br>Zbrodni i k\u0142amstw cywilizacji \u015bmierci<br>W ob\u0142udnym d\u0105\u017ceniach do \u015bmierci<br>Zniewolenia i wszelkiego zniszczenia szata\u0144skiego<br>Oczywi\u015bcie nie wobec ich samych<br>Tylko wszystko kosztem innych<br>Jak pijawki jak piranie diab\u0142a<br>Kimkolwiek by oni nie byli<br>Zniewoleni tendencjami z\u0142a dla innych<br>Dla nas naszych i naszego<br>Ale bynajmniej nie tylko<br>Jak\u017ce\u017c to nie bestie<br>I \u0142ajdaki ci co maj\u0105<br>W tym wsp\u00f3\u0142uczestnictwo jakie\u015b<\/strong><\/p>\n\n\n\n<hr class=\"wp-block-separator has-alpha-channel-opacity\"\/>\n\n\n\n<p><em>Dod.<\/em><br>Bandyccy debile i im podobni<br>Nie mo\u017cesz parkowa\u0107 optymalnie ergonomicznie<br>Bo te debile sko\u0144czone<br>Od tego uzale\u017cniaj\u0105 jakie\u015b relacje<br>W stosunku do odpowiednich samochod\u00f3w<br>Co za kretyni<br>Brak s\u0142\u00f3w po prostu<br>Jakby zaparkowanie samochodu nie by\u0142o<br>Po prostu zaparkowaniem samochodu<br>To b\u0119d\u0105 temu przypisywa\u0107<br>To co akurat pasuje<br>Tym bestiom i \u0142ajdakom wszelakim<\/p>\n\n\n\n<p>Co te\u017c nie przeszkadza oczywi\u015bcie<br>R\u00f3\u017cnym \u0142ajdakom bandyckim bydlaczy\u0107 inaczej<br>Cho\u0107by tej podwiji tutaj<br>Tam wykoleje\u0144com i szemra\u0144com zajad\u0142ym<br>Misiom bandyckim s\u0142u\u017calcom grodzkim<br>Czy tam i jakim bydlakom<br>Zawodowym prywatnym i s\u0142u\u017cbowym<\/p>\n\n\n\n<p>Tak mo\u017cna przecie\u017c wszystko<br>Kiedy si\u0119 ma z\u0142\u0105 wol\u0119<br>Ewidentnie i z\u0142e pod\u0142e intencje<br>Tudzie\u017c mordowa\u0107 na wszelkie sposoby<br>Tak\u017ce przez ukryte \u015brodki<br>Kt\u00f3re maj\u0105 przecie\u017c do dyspozycji<br>Te bestie i r\u00f3\u017cni \u0142ajdacy<br>Eskalacja bandyckiej przemocy<br>Przecie\u017c wskazana zawsze<br>Tak\u017ce przez r\u00f3\u017cnych \u0142ajdak\u00f3w<\/p>\n\n\n\n<p class=\"has-text-align-right\"><strong><em><a href=\"https:\/\/youtu.be\/PXM9tjZxJVo\">Baranovski &#8211; Czu\u0142e miejsce <\/a><\/em><\/strong><\/p>\n\n\n\n<hr class=\"wp-block-separator has-alpha-channel-opacity\"\/>\n","protected":false},"excerpt":{"rendered":"<p>1.Je\u015bli wyrazi\u0142em si\u0119 zbyt ogl\u0119dnieNazywaj\u0105c wsp\u00f3\u0142prac\u0119 ze zbrodniami bandyckimiNominalnie lewactwem to przepraszam tychKt\u00f3rych mog\u0142em tym urazi\u0107Czasem cz\u0142owiek nie do ko\u0144ca\u015aci\u015ble si\u0119 wyrazi na pr\u0119dceMy\u015bl\u0119 \u017ce&hellip; <\/p>\n","protected":false},"author":1,"featured_media":0,"parent":0,"menu_order":0,"comment_status":"closed","ping_status":"closed","template":"","meta":{"footnotes":""},"class_list":["post-9677","page","type-page","status-publish","hentry"],"_links":{"self":[{"href":"https:\/\/hubertpietka.bialystok.pl\/index.php?rest_route=\/wp\/v2\/pages\/9677","targetHints":{"allow":["GET"]}}],"collection":[{"href":"https:\/\/hubertpietka.bialystok.pl\/index.php?rest_route=\/wp\/v2\/pages"}],"about":[{"href":"https:\/\/hubertpietka.bialystok.pl\/index.php?rest_route=\/wp\/v2\/types\/page"}],"author":[{"embeddable":true,"href":"https:\/\/hubertpietka.bialystok.pl\/index.php?rest_route=\/wp\/v2\/users\/1"}],"replies":[{"embeddable":true,"href":"https:\/\/hubertpietka.bialystok.pl\/index.php?rest_route=%2Fwp%2Fv2%2Fcomments&post=9677"}],"version-history":[{"count":1,"href":"https:\/\/hubertpietka.bialystok.pl\/index.php?rest_route=\/wp\/v2\/pages\/9677\/revisions"}],"predecessor-version":[{"id":9679,"href":"https:\/\/hubertpietka.bialystok.pl\/index.php?rest_route=\/wp\/v2\/pages\/9677\/revisions\/9679"}],"wp:attachment":[{"href":"https:\/\/hubertpietka.bialystok.pl\/index.php?rest_route=%2Fwp%2Fv2%2Fmedia&parent=9677"}],"curies":[{"name":"wp","href":"https:\/\/api.w.org\/{rel}","templated":true}]}}

Wyśrodkowanie / pewnych wyrażeń &#8211; zaakcentowaniem tendencji

<p>1.<br>Jeśli wyraziłem się zbyt oględnie<br>Nazywając współpracę ze zbrodniami bandyckimi<br>Nominalnie lewactwem to przepraszam tych<br>Których mogłem tym urazić<br>Czasem człowiek nie do końca<br>Ściśle się wyrazi na prędce<br>Myślę że takim wystarczy określenie<br>Po prostu łajdaki złu zaprzedane<br>Wiem przecież że mogą być<br>Tak zwani porządni ateiści<br>Którzy uznają wartości Dekalogu<br>Bo te są niejako<br>W sercu zapisane<br>Choć to jest bardzo trudne<br>Bez kręgosłupu moralnego wytrwałej wiary<br>Szczególnie w tym świecie<br>Który relatywizuje obłędnie wartości wszelkie<br>Podług wszelkiego znieprawienia ideologicznego<br>Podobnie zresztą nie uważam choćby<br>Że wszyscy muzułmanie są<br>Nie w porządku jeśli podobnie<br>Żyją w zgodzie z normami<br>Wartości uniwersalnych w Dekalogu speuntowanymi<br>Podobnie i nie lekcewazę<br>Wartości innych religii choćby wschodu<br>Z kręgów Azji jeśli sprawiają<br>One sprawiedliwość w ludziach<br>Podług wartości Bożych które mogą<br>Być przecież nazywane różnie<br>Tak samo nie uważam Afrykańczyków<br>Za gorszych od ludzi zachodu<br>Wręcz przeciwnie poważam ich bardzo<br>Ale to nie znaczy że<br>Mam się godzić na wysyłaniu<br>Do Polski z zachodu<br>Takich różnych wszelkich chyba najgorszych<br>I powiem też jeszcze<br>Że bardzo cenię prawosławnych Polaków<br>Wiernych ideowo wartościom wiary chrześcijańskiej<br>Tak też z protestantami<br>I tak dalej<br>To jednak nie znaczy<br>Że nie będę sprzeciwiał się<br>Wszelkim łajdakom kim by oni nie byli<br>Tym wszystkim którzy ideologicznie<br>Zło nazywają dobrem<br>I też na odwrót<br>Tym którzy akceptują wszelkie zbrodnie<br>Podług cywilizacji śmierci<br>I obłudy piekielnej bestii bandyckich<br>Tych którzy podzielają i współuczestniczą<br>W ich wszelkich bezpardonowych atakach<br>Na Boże wartości i niewinnych<br>Czy to nas naszego naszych<br>Dotyczy czy wszelkich innych<br>Musiałem to tu wyjaśnić<br>By nie było niedopowiedzeń jakichś<br>Oczywiście przeciwko mnie nam<br>Wykorzystywanych przez bandyctwo zawsze ściśle</p>



<p>2.<br>I jeszcze &#8222;dodam trochę dziegdziu<br>Do beczki miodu&#8221;<br>Uważam niestety że i katolicy<br>Zresztą jacykolwiek uważający się<br>Za wierzących w aspekcie prawicowym<br>Też niestety mogą<br>&#8222;W piętkę gonić&#8221; przysłowiowo<br>Żona przejrzała dokładnie program przedmiotu<br>Który uczy dla podstawówki<br>Mianowicie tej osławionej Edukacji Zdrowotnej<br>I paradoksalnie nie znalazła tam<br>Nic aż tak gorszącego<br>A ja jej wierzę<br>Nie wiem jak jest<br>Z tym dla szkół średnich<br>Ale tutaj te ataki<br>Może warto by przemyśleć jednak<br>I tą negację wszelką<br>Wiem że tak się stało<br>Pewnie i po wcześniejszych protestach<br>Z tym programem ale jednak<br>Kontestacja w grupach choćby katolików<br>Trwa w najlepsze dalej<br>A co mają robić katecheci<br>Którym obcięto etaty więc poszli<br>Naturalnie w stronę Edukacji Zdrowotnej<br>Pójść kopać rowy<br>Zresztą współcześnie to koparki robią<br>Często nawet same tak na marginesie także<br>Przecież chyba jest najważniejsze<br>Kto jak przedstawia różne treści<br>I na wszystko można patrzeć<br>Z humanistycznego punktu widzenia<br>A nawet trzeba<br>Bo chyba niestety perspektywa religijna<br>Się jakoś tutaj wobec dzieci<br>I młodzieży gdzieś zagubiła<br>A nie da się tego<br>Robić na tak zwaną siłę<br>Może warto to przemyśleć wszystko<br>Choćby już nawet kontestację<br>Kosztem czyjejś pracy<br>A ty byś tak chciał<br>Na lodzie się znaleźć<br>W jednej chwili<br>Choć tego kroku rządu<br>Nie pochwalam oczywiście<br>Ale jest z tego chyba<br>Salomonowe wyjście &#8222;by dziecka<br>Nie wylewać z kąpielą&#8221;<br>Mówiąc znów przysłowiowo skoro już<br>Zaistniała sytuacja taka<br>A może kiedyś uda się<br>Ją odwrócić nie zostawiając jednak<br>Porażającej pustki</p>



<p>3.<br>I wcale nie uważam<br>Że jestem nieomylny we wszystkim<br>Czy doskonały mam swoje słabości<br>Które z wiekiem trudniej się<br>Też znosi co faktu też<br>Nie zmienia że w Bogu<br>Staramy się być z żoną<br>Tym czym mamy być<br>Wbrew nienawiści bandyckich bestii<br>I różnych ataków wszelkich łajdaków</p>



<p><strong><em><a href="https://youtu.be/s3LM4mliBs0">Baranovsky &#8211; Lubię być z nią </a></em></strong></p>



<p>I zapytałam na koniec skromnie<br>Lepiej jest jak *<strong>lubię być z nią</strong>*<br>Nawet jeśli czasem porozumieć się<br>Bywa że trudno<br>Ze zwykłych często przyczyn<br>Słabości czy przesilenia czynnikiem łajdacko-bandyckim<br>Czy może *<strong>lubieżyć z inną</strong>*<br>Podług sakramentu małżeństwa dla mnie<br>Dla nas jest tu odpowiedź<br>Oczywista która podparliśmy w Bogu<br>Tą przysięgą &#8222;aż do śmierci&#8221;<br>Tej miłości i wali mnie<br>Za przeproszeniem czy się to<br>Komuś podoba czy może nie<br>Bo to było bestie babdyckie<br>I łajdaki bydlackie w Bogu<br>Nie podług kłamstw obłudy diabelskiej<br>Ku zbrodniom szatańskim wszelkim</p>



<figure class="wp-block-gallery has-nested-images columns-default is-cropped wp-block-gallery-1 is-layout-flex wp-block-gallery-is-layout-flex">
<figure class="wp-block-image size-large"><a href="https://hubertpietka.bialystok.pl/wp-content/uploads/2025/09/1000025246.jpg"><img loading="lazy" decoding="async" width="771" height="1024" data-id="9678" src="https://hubertpietka.bialystok.pl/wp-content/uploads/2025/09/1000025246-771x1024.jpg" alt="" class="wp-image-9678" srcset="https://hubertpietka.bialystok.pl/wp-content/uploads/2025/09/1000025246-771x1024.jpg 771w, https://hubertpietka.bialystok.pl/wp-content/uploads/2025/09/1000025246-226x300.jpg 226w, https://hubertpietka.bialystok.pl/wp-content/uploads/2025/09/1000025246-768x1020.jpg 768w, https://hubertpietka.bialystok.pl/wp-content/uploads/2025/09/1000025246.jpg 851w" sizes="auto, (max-width: 771px) 100vw, 771px" /></a></figure>
</figure>



<p><strong>Trzeba być człowiek dobrej woli<br>I czystych wobec innych intencji<br>Trzeba doceniać w Bożej prawdzie<br>Niezbywalną wartość człowieczeństwa<br>I życia ludzkiego godności jego<br>Nie tylko tych którym wydaje<br>Się że są może lepsi<br>Niestety chyba w bestialstwach i łajdactwach<br>Zbrodni i kłamstw cywilizacji śmierci<br>W obłudnym dążeniach do śmierci<br>Zniewolenia i wszelkiego zniszczenia szatańskiego<br>Oczywiście nie wobec ich samych<br>Tylko wszystko kosztem innych<br>Jak pijawki jak piranie diabła<br>Kimkolwiek by oni nie byli<br>Zniewoleni tendencjami zła dla innych<br>Dla nas naszych i naszego<br>Ale bynajmniej nie tylko<br>Jakżeż to nie bestie<br>I łajdaki ci co mają<br>W tym współuczestnictwo jakieś</strong></p>



<hr class="wp-block-separator has-alpha-channel-opacity"/>



<p><em>Dod.</em><br>Bandyccy debile i im podobni<br>Nie możesz parkować optymalnie ergonomicznie<br>Bo te debile skończone<br>Od tego uzależniają jakieś relacje<br>W stosunku do odpowiednich samochodów<br>Co za kretyni<br>Brak słów po prostu<br>Jakby zaparkowanie samochodu nie było<br>Po prostu zaparkowaniem samochodu<br>To będą temu przypisywać<br>To co akurat pasuje<br>Tym bestiom i łajdakom wszelakim</p>



<p>Co też nie przeszkadza oczywiście<br>Różnym łajdakom bandyckim bydlaczyć inaczej<br>Choćby tej podwiji tutaj<br>Tam wykolejeńcom i szemrańcom zajadłym<br>Misiom bandyckim służalcom grodzkim<br>Czy tam i jakim bydlakom<br>Zawodowym prywatnym i służbowym</p>



<p>Tak można przecież wszystko<br>Kiedy się ma złą wolę<br>Ewidentnie i złe podłe intencje<br>Tudzież mordować na wszelkie sposoby<br>Także przez ukryte środki<br>Które mają przecież do dyspozycji<br>Te bestie i różni łajdacy<br>Eskalacja bandyckiej przemocy<br>Przecież wskazana zawsze<br>Także przez różnych łajdaków</p>



<p class="has-text-align-right"><strong><em><a href="https://youtu.be/PXM9tjZxJVo">Baranovski &#8211; Czułe miejsce </a></em></strong></p>



<hr class="wp-block-separator has-alpha-channel-opacity"/>

<p>1.Jeśli wyraziłem się zbyt oględnieNazywając współpracę ze zbrodniami bandyckimiNominalnie lewactwem to przepraszam tychKtórych mogłem tym urazićCzasem człowiek nie do końcaŚciśle się wyrazi na prędceMyślę że&hellip; </p>
