{"id":9778,"date":"2025-10-14T21:23:36","date_gmt":"2025-10-14T21:23:36","guid":{"rendered":"https:\/\/hubertpietka.bialystok.pl\/?page_id=9778"},"modified":"2025-10-14T21:23:36","modified_gmt":"2025-10-14T21:23:36","slug":"kozly-a-barany-w-panu-nie-podlug-klamstw-szatana","status":"publish","type":"page","link":"https:\/\/hubertpietka.bialystok.pl\/?page_id=9778","title":{"rendered":"Koz\u0142y a barany \/ w Panu &#8211; nie pod\u0142ug k\u0142amstw szatana"},"content":{"rendered":"\n<p>*<strong>Be be be<\/strong>*<br>Bestie bydlaki betony<br>*<strong>3 be<\/strong>*<br>*<strong>Czy b\u0119d\u0119<\/strong>* b\u0119dziemy b\u0119dziecie<\/p>\n\n\n\n<p>*<strong>3 Bp<\/strong>*<br>Bo nie *<strong>pb<\/strong>* on *<strong>pod\u0142ug bestii<\/strong>* jest <br>Dla koz\u0142\u00f3w zarezerwowane dobra wszelkie <\/p>\n\n\n\n<p>*<strong>Bestie przyka\u017c\u0105<\/strong>* czyni\u0107 zbrodnie<br>Poza tymi dla nich zarezerwowanymi<br>*<em><strong>Bydlaki pieprzn\u0105<\/strong><\/em>* prowokacj\u0105 i napa\u015bci\u0105<br>I jadem \u015bmierciono\u015bnym gwa\u0142tem bestii<br>A *<strong>betony przyklasn\u0105<\/strong>* wszelkim szata\u0144stwom<\/p>\n\n\n\n<p>A poza tym<br>&#8222;Milczenie owiec&#8221;<br>*<strong>Me<\/strong>* *<strong>mi<\/strong>* z powodu mnie<\/p>\n\n\n\n<p>Koz\u0142y becz\u0105 a barany *<strong>mecz\u0105<\/strong>*<br>Si\u0119 *<strong>m\u0119cz\u0105<\/strong>* lubi\u0105 *<strong>mecze<\/strong>* itp<br>A jak b\u0119dzie z koz\u0142ami<br>Pod\u0142ug k\u0142amstw szata\u0144skich w zbrodniach<br>I z baranami na koniec<br>S\u0105d Ostateczny powie<br>&#8222;Na jedn\u0105 stron\u0119 barany<br>A na drug\u0105 koz\u0142y&#8221;<br>Wybieraj\u0105c drog\u0119 p\u00f3jd\u0105 t\u0105 drog\u0119<br>Droga z\u0142a dla innych niemi\u0142osierna<br>Tych koz\u0142\u00f3w drog\u0105 do piek\u0142a<br>Jako konsekwencja tego co czynili<br>Wszystkim barankom nienawi\u015bci koz\u0142\u00f3w niewinnych<\/p>\n\n\n\n<p>Bestie wiadomo chyba to raczej<br>Bydlaki zawodowe prywatne s\u0142u\u017cbowe jakiekolwiek<br>Betony na jakichkolwiek sk\u0142adnikach spo\u0142eczno\u015bci<br>Wszyscy oni silni przemocy totalno\u015bci\u0105<br>A barany wiadomo naiwne wiar\u0105<br>Dzieci Bo\u017ce ma\u0142e przeciwnicy szatana<br>I bestii kt\u00f3re wszystko pod\u0142ug niego<br>Zbrodni i k\u0142amstw ob\u0142udy pychy<\/p>\n","protected":false},"excerpt":{"rendered":"<p>*Be be be*Bestie bydlaki betony*3 be**Czy b\u0119d\u0119* b\u0119dziemy b\u0119dziecie *3 Bp*Bo nie *pb* on *pod\u0142ug bestii* jest Dla koz\u0142\u00f3w zarezerwowane dobra wszelkie *Bestie przyka\u017c\u0105* czyni\u0107&hellip; <\/p>\n","protected":false},"author":1,"featured_media":0,"parent":0,"menu_order":0,"comment_status":"closed","ping_status":"closed","template":"","meta":{"footnotes":""},"class_list":["post-9778","page","type-page","status-publish","hentry"],"_links":{"self":[{"href":"https:\/\/hubertpietka.bialystok.pl\/index.php?rest_route=\/wp\/v2\/pages\/9778","targetHints":{"allow":["GET"]}}],"collection":[{"href":"https:\/\/hubertpietka.bialystok.pl\/index.php?rest_route=\/wp\/v2\/pages"}],"about":[{"href":"https:\/\/hubertpietka.bialystok.pl\/index.php?rest_route=\/wp\/v2\/types\/page"}],"author":[{"embeddable":true,"href":"https:\/\/hubertpietka.bialystok.pl\/index.php?rest_route=\/wp\/v2\/users\/1"}],"replies":[{"embeddable":true,"href":"https:\/\/hubertpietka.bialystok.pl\/index.php?rest_route=%2Fwp%2Fv2%2Fcomments&post=9778"}],"version-history":[{"count":1,"href":"https:\/\/hubertpietka.bialystok.pl\/index.php?rest_route=\/wp\/v2\/pages\/9778\/revisions"}],"predecessor-version":[{"id":9779,"href":"https:\/\/hubertpietka.bialystok.pl\/index.php?rest_route=\/wp\/v2\/pages\/9778\/revisions\/9779"}],"wp:attachment":[{"href":"https:\/\/hubertpietka.bialystok.pl\/index.php?rest_route=%2Fwp%2Fv2%2Fmedia&parent=9778"}],"curies":[{"name":"wp","href":"https:\/\/api.w.org\/{rel}","templated":true}]}}