{"id":9803,"date":"2025-10-19T08:25:05","date_gmt":"2025-10-19T08:25:05","guid":{"rendered":"https:\/\/hubertpietka.bialystok.pl\/?page_id=9803"},"modified":"2025-10-19T08:25:05","modified_gmt":"2025-10-19T08:25:05","slug":"bestie-walcza-z-tym-malzenstwem-ta-rodzina-tym-kosciolem-tym-narodem-z-swiatem-bozych-wartosci-calym","status":"publish","type":"page","link":"https:\/\/hubertpietka.bialystok.pl\/?page_id=9803","title":{"rendered":"Bestie walcz\u0105 \/ z tym ma\u0142\u017ce\u0144stwem, t\u0105 rodzin\u0105, tym Ko\u015bcio\u0142em, tym narodem &#8211; z \u015bwiatem Bo\u017cych warto\u015bci ca\u0142ym"},"content":{"rendered":"\n<p>Chcia\u0142bym przedstawi\u0107 pokr\u00f3tce<br>Charakterystyk\u0119 bestii z tego<br>Co jest mi dost\u0119pne<\/p>\n\n\n\n<p>W najkr\u00f3tszym wymiarze<br>W syntezie z\u0142a kt\u00f3re czyni\u0105<br>Do kt\u00f3rego d\u0105\u017c\u0105<br>Wrogami s\u0105 oni przeciwnikami nieprzyjacielami<br>To najpe\u0142niej ich dookre\u015bla<br>A to cechy szatana<br>Co dalej te\u017c wyka\u017c\u0119<\/p>\n\n\n\n<p>S\u0105 wrogami cn\u00f3t teologalnych<br>Wiary nadziei i mi\u0142o\u015bci<br>Bo cho\u0107by pacynkowstwem siej\u0105 zam\u0119t<br>U wiernych w Ko\u015bciele Bo\u017cym<br>Bo uderzaj\u0105 w dzieci Bo\u017ce<br>W kap\u0142an\u00f3w pe\u0142noprawnie konsekrowanych<br>W ko\u015bciele katolickim bo uderzaj\u0105<br>W wiernych kt\u00f3rzy si\u0119<br>Nie daj\u0105 zwie\u015b\u0107 z\u0142u szata\u0144skiemu<br>Uderzaj\u0105 te\u017c w \u017cycie konsekrowane<br>Niepoddaj\u0105ce si\u0119 imitacjom Boga bestii<br>Walcz\u0105c z dzie\u0107mi Bo\u017cymi<br>W Bo\u017cej prawdzie walcz\u0105<br>Z Bogiem zatem<br>Kompromituj\u0105c te\u017c wszelkie wymiary ko\u015bcio\u0142a<br>Cho\u0107by \u015bwi\u0119tych dla swoich zbrodni<br>I pr\u00f3buj\u0105 uderza\u0107<br>W nadziej\u0119 chyba ka\u017cd\u0105<br>T\u0105 eschatologiczn\u0105 najpierw<br>Podwa\u017caj\u0105c Bo\u017c\u0105 sprawiedliwo\u015b\u0107<br>I Jego mi\u0142osierdzie w wymiarze<br>Te\u017c tym w\u0142a\u015bnie ostatecznym<br>Ale jednocze\u015bnie pr\u00f3buj\u0105 odebra\u0107 nadziej\u0119<br>W tym \u015bwiecie dla \u017cycia<br>W pokoju dzieci Bo\u017cych<br>S\u0105 wreszcie wrogami tej mi\u0142o\u015bci<br>Wyra\u017conej najpe\u0142niej w sakramencie ma\u0142\u017ce\u0144stwa<br>Tej w\u0142a\u015bnie i innych tak\u017ce<br>I tej rodziny i innych<br>Samej tej instytucji pod\u0142ug ideologii<br>Fa\u0142szywych wszelkich i hedonizmu<br>Czyli u\u017cywania \u017cycia ku zniewolenia<br>Materializmem nieuporz\u0105dkowanym seksem alkoholem itp<br>Niszczeniem czysto\u015bci dzieci i m\u0142odzie\u017cy<br>Pr\u00f3buj\u0105c ich deprawowa\u0107 od najm\u0142odszych lat<br>A przypominam s\u0142owa z Fatimy<br>Maryi \u017ce ostateczna walka<br>Pomi\u0119dzy dzie\u0107mi Boga a takimi<br>S\u0142ugami diab\u0142a rozegra si\u0119<br>O to ma\u0142\u017ce\u0144stwo t\u0105 rodzin\u0119<br>Jako paradygmat w\u0142a\u015bciwego ustawiania wszelkich<br>Bo\u017cych spraw o ich wierno\u015b\u0107<br>Czysto\u015b\u0107 trwa\u0142o\u015b\u0107 w Bo\u017cej \u0142asce<\/p>\n\n\n\n<p>S\u0105 bestie te\u017c wrogami pokoju<br>Na pewno wobec dzieci Bo\u017cych<br>Tych i innych w prawdzie<br>Bo z tego co wiem<br>To wkroczenie wojsk neosowieckich do Polski<br>Chyba by im nie przeszkadza\u0142o<br>A raczej optuj\u0105 za tym<br>Wi\u0119c s\u0105 te\u017c wrogami Polak\u00f3w<br>I ich ojczyzny na zasadzie<br>Te\u017c system\u00f3w totalitarnych podporz\u0105dkuj\u0105 s\u0142u\u017cby<br>Do walki z z Bo\u017cymi dzie\u0107mi<br>Tymi i innymi podpadni\u0119tymi nienawi\u015bci<br>Pod\u0142ug szatana tych bestii<br>Objawia si\u0119 to chyba najpe\u0142niej<br>W tej eksterminacji Polak\u00f3w wsp\u00f3\u0142czesnej<br>W tym bestialstwie niewymiernym<br>Zbrodni przeciwko ludzko\u015bci tych bestii<br>A tak\u017ce w\u0142a\u015bnie w degeneracji<br>\u017bycia moralnego tej nacji<br>By mo\u017cna by\u0142o \u0142atwiej sterowa\u0107<br>Zniewolonymi w poduszczenia r\u00f3\u017cnych<br>Im zaprzedanych i z\u0142u \u0142ajdak\u00f3w<br>Przeciwko tym dzieciom Bo\u017cym<\/p>\n\n\n\n<p>S\u0105 wreszcie bestie wrogami uniwersalizm\u00f3w<br>Pod\u0142ug warto\u015bci dobra prawdy pi\u0119kna<br>Walcz\u0105 przeciwko wszelkim dobrom naszym<br>S\u0105 przeciwnikami pi\u0142ki no\u017cnej sportu<br>Najpierw dla mnie<br>S\u0105 przeciwnikami naszego si\u0119 przemieszczania<br>Sami korzystaj\u0105c z d\u00f3br motoryzacji<br>Na wszelkie sposoby<br>To ma by\u0107 zarezerwowane dla bestii<br>I bydlak\u00f3w wszelkich im s\u0142u\u017c\u0105cych<br>A z nas najch\u0119tniej uczynili by chyba<br>Bezdomnych bez pracy bez \u017cadnych<br>\u015arodk\u00f3w do \u017cycia<br>S\u0105 przeciwnikami zwierz\u0105t i \u017cycia<br>Nie tylko naszego i naszych<br>Bliskich znajomych przyjaci\u00f3\u0142 wszelkich \u017cyczliwych<br>S\u0105 przeciwnikami zdrowia wi\u0119c \u017cycia <br>Od pocz\u0119cia do naturalnej \u015bmierci<br>Kt\u00f3re g\u0142osz\u0105 i czyni\u0105<br>Pod\u0142ug cywilizacji \u015bmierci<br>S\u0105 tak\u017ce wrogami muzyki dobrej<br>Uderzaj\u0105 w tw\u00f3rc\u00f3w niezale\u017cnych<br>Kt\u00f3rzy nie g\u0142osz\u0105 popaprania w z\u0142u<br>Tych bestii ku degenaracji innych<br>S\u0105 przeciwnikami dobrej wi\u0119c sztuki<br>Cho\u0107by tej poezji i innych<br>Tw\u00f3rc\u00f3w na zasadzie od bestii<br>Niezale\u017cno\u015bci w\u0142a\u015bnie<br>S\u0105 te\u017c wierutnymi ob\u0142udnymi k\u0142amcami<br>Oni i bydlaki im s\u0142u\u017c\u0105ce<br>Kt\u00f3rym \u017cadna pod\u0142a perfidna ob\u0142uda<br>Chyba nie jest obca<br>S\u0105 przeciwnikami tych d\u00f3br warto\u015bci<br>O ile one nie s\u0142u\u017c\u0105 tym bestiom<br>I ich wytw\u00f3rc\u00f3w tak\u017ce trzeba<br>Niszczy\u0107 tych wszystkich kt\u00f3rzy<br>Nie pasuj\u0105 totalizmowi z\u0142a bestii<\/p>\n\n\n\n<p><strong>Dzi\u015b rocznica m\u0119cze\u0144skiej \u015bmierci<br>B\u0142. ksi\u0119dza Popie\u0142uszki Jerzego<br>Kt\u00f3rego zniszczy\u0142 totalitarny system komunistyczny<br>Walcz\u0105cy tak naprawd\u0119 z tym<br>Narodem i Ko\u015bcio\u0142em<br>Podobnie jako\u015b dzieje si\u0119 dzisiaj<br>Tego mamy tu pod\u017awi\u0119k<br>Tej neokumunistycznej dyktatury bestii<br>Kt\u00f3ra ma zniszczy\u0107 wszelkich ich<br>Przeciwnik\u00f3w nie s\u0142u\u017c\u0105cych bezwzgl\u0119dnie bestiom<br>To si\u0119 objawia najpierw<br>Na nas naszych i naszym<br>Najpe\u0142niej to wida\u0107 i na<br>Tej bestialskiej zbrodni przeciwko<br>Narodowi polskiemu tego wsp\u00f3\u0142czesnego barbarzy\u0144stwa<br>Tych bestii i im zaprzedanym<br>\u0141ajdakom wszelkim<\/strong><\/p>\n\n\n\n<figure class=\"wp-block-gallery has-nested-images columns-default is-cropped wp-block-gallery-1 is-layout-flex wp-block-gallery-is-layout-flex\">\n<figure class=\"wp-block-image size-large\"><a href=\"https:\/\/hubertpietka.bialystok.pl\/wp-content\/uploads\/2025\/10\/1000030330.jpg\"><img loading=\"lazy\" decoding=\"async\" width=\"771\" height=\"1024\" data-id=\"9804\" src=\"https:\/\/hubertpietka.bialystok.pl\/wp-content\/uploads\/2025\/10\/1000030330-771x1024.jpg\" alt=\"\" class=\"wp-image-9804\" srcset=\"https:\/\/hubertpietka.bialystok.pl\/wp-content\/uploads\/2025\/10\/1000030330-771x1024.jpg 771w, https:\/\/hubertpietka.bialystok.pl\/wp-content\/uploads\/2025\/10\/1000030330-226x300.jpg 226w, https:\/\/hubertpietka.bialystok.pl\/wp-content\/uploads\/2025\/10\/1000030330-768x1021.jpg 768w, https:\/\/hubertpietka.bialystok.pl\/wp-content\/uploads\/2025\/10\/1000030330-1156x1536.jpg 1156w, https:\/\/hubertpietka.bialystok.pl\/wp-content\/uploads\/2025\/10\/1000030330.jpg 1204w\" sizes=\"auto, (max-width: 771px) 100vw, 771px\" \/><\/a><\/figure>\n<\/figure>\n\n\n\n<p><em>Na zdj. Rodzina *<strong>Ul-m\u00f3w<\/strong>* zakatowana przez<br>Inny totalitaryzm hitlerowskich Niemiec<br>Za obron\u0119 \u017cycia niewinnych ludzi<br>A czy\u017c nie dzia\u0142aj\u0105 podobnie<br>Te bestie uwa\u017caj\u0105c si\u0119 za<br>Lepszych od innych i czyni\u0105c<br>Si\u0119 panami czyjego\u015b \u017cycia \u015bmierci<br>Uzurpacja to szata\u0144ska przeciwko Bogu<br>I byleby tylko co\u015b kogo\u015b<br>*<strong>Uj\u0105\u0107<\/strong>* te\u017c temu ma\u0142\u017ce\u0144stwu<br>I tej rodzinie niewymowne bestie<br>Bo to wszystko wszelkie z\u0142o<br>Chc\u0105 czyni\u0107 temu ma\u0142\u017ce\u0144stwu<br>Tej rodzinie cho\u0107 rozproszonej<br>I temu ca\u0142emu narodowi<br>Uderzaj\u0105c te\u017c rykoszetem w moralno\u015b\u0107<br>Zdrow\u0105 na ca\u0142ym tym \u015bwiecie<br>I pr\u00f3buj\u0105c zepchn\u0105\u0107 ludzi<br>W rozpacz \u017ce nie mo\u017ce<br>By\u0107 inaczej ni\u017c pod\u0142ug bestii<br>Ich z\u0142a pochodzenie stricte<br>Od szatana zbrodni i k\u0142amstw<br>Kt\u00f3re te bestie g\u0142osz\u0105 czyni\u0105<br>I chc\u0105 nim skazi\u0107 zarazi\u0107<br>Ca\u0142y t\u0105 Polsk\u0119 ca\u0142y \u015bwiat<br>Byleby tylko wszystko rozgrywano<br>Tym dzieciom Bo\u017cym przeciwko<br>A podwa\u017ca si\u0119 w\u0142a\u015bnie<br>Po to fundamenty wszelkich<br>Cn\u00f3t i warto\u015bci by mog\u0142o<br>Zapanowa\u0107 w ca\u0142ej z\u0142owrogiej okaza\u0142o\u015bci<br>Z\u0142o szata\u0144skie tych bestii<br>I ich poplecznik\u00f3w w deformowaniu<br>Bo\u017cego obrazu cz\u0142owieka<br>By wszystko wszystkich<br>W z\u0142u rozbestwi\u0107 a przeciwnik\u00f3w<br>Tego ca\u0142kowicie wyniszczy\u0107<\/em><\/p>\n","protected":false},"excerpt":{"rendered":"<p>Chcia\u0142bym przedstawi\u0107 pokr\u00f3tceCharakterystyk\u0119 bestii z tegoCo jest mi dost\u0119pne W najkr\u00f3tszym wymiarzeW syntezie z\u0142a kt\u00f3re czyni\u0105Do kt\u00f3rego d\u0105\u017c\u0105Wrogami s\u0105 oni przeciwnikami nieprzyjacielamiTo najpe\u0142niej ich dookre\u015blaA&hellip; <\/p>\n","protected":false},"author":1,"featured_media":0,"parent":0,"menu_order":0,"comment_status":"closed","ping_status":"closed","template":"","meta":{"footnotes":""},"class_list":["post-9803","page","type-page","status-publish","hentry"],"_links":{"self":[{"href":"https:\/\/hubertpietka.bialystok.pl\/index.php?rest_route=\/wp\/v2\/pages\/9803","targetHints":{"allow":["GET"]}}],"collection":[{"href":"https:\/\/hubertpietka.bialystok.pl\/index.php?rest_route=\/wp\/v2\/pages"}],"about":[{"href":"https:\/\/hubertpietka.bialystok.pl\/index.php?rest_route=\/wp\/v2\/types\/page"}],"author":[{"embeddable":true,"href":"https:\/\/hubertpietka.bialystok.pl\/index.php?rest_route=\/wp\/v2\/users\/1"}],"replies":[{"embeddable":true,"href":"https:\/\/hubertpietka.bialystok.pl\/index.php?rest_route=%2Fwp%2Fv2%2Fcomments&post=9803"}],"version-history":[{"count":1,"href":"https:\/\/hubertpietka.bialystok.pl\/index.php?rest_route=\/wp\/v2\/pages\/9803\/revisions"}],"predecessor-version":[{"id":9805,"href":"https:\/\/hubertpietka.bialystok.pl\/index.php?rest_route=\/wp\/v2\/pages\/9803\/revisions\/9805"}],"wp:attachment":[{"href":"https:\/\/hubertpietka.bialystok.pl\/index.php?rest_route=%2Fwp%2Fv2%2Fmedia&parent=9803"}],"curies":[{"name":"wp","href":"https:\/\/api.w.org\/{rel}","templated":true}]}}