{"id":9807,"date":"2025-10-20T20:50:11","date_gmt":"2025-10-20T20:50:11","guid":{"rendered":"https:\/\/hubertpietka.bialystok.pl\/?page_id=9807"},"modified":"2025-10-20T20:50:11","modified_gmt":"2025-10-20T20:50:11","slug":"w-imie-boga-zycia-ochrona-w-imie-szatana-smierc-zniewolenia-gwalt-wojna-zniszczenia","status":"publish","type":"page","link":"https:\/\/hubertpietka.bialystok.pl\/?page_id=9807","title":{"rendered":"W imi\u0119 Boga &#8211; \u017cycia ochrona \/ w imi\u0119 szatana &#8211; \u015bmier\u0107, zniewolenia, gwa\u0142t, wojna, zniszczenia"},"content":{"rendered":"\n<p>Je\u015bli &#8222;chwa\u0142\u0105 Boga jest<br>\u017bywy cz\u0142owiek&#8221; i<br>B\u00f3g &#8222;nie ma upodobaniami<br>W \u015bmierci&#8221; a &#8222;szatan by\u0142<br>I jest zab\u00f3jc\u0105&#8221; to<br>Wed\u0142ug kogo post\u0119puj\u0105 te bestie<br>Skoro B\u00f3g upodoba\u0142 sobie<br>W \u017cyciu wiernym i prostym<br>Dla wszystkich ludzi w ich<br>Niezbywalnej godno\u015bci cz\u0142owiecze\u0144stwa wsz\u0119dzie zawsze<br>A oni uwa\u017caj\u0105 \u017ce<br>S\u0105 lepsi ni\u017c ci<br>Kt\u00f3rych eksterminuj\u0105 i ci\u0105gle chc\u0105<br>Czyni\u0107 zbrodnie przeciw ludzko\u015bci i przeciw Bogu<br>To od kogo to pochodzi<br>Skoro &#8222;szatan jest i by\u0142<br>Zawsze k\u0142amc\u0105&#8221; a oni k\u0142ami\u0105<br>\u017be niby maj\u0105 do tego<br>Jakie\u015b chore swoje prawo<br>To komu s\u0142u\u017c\u0105 te bestie<br>Bogu czy szatanowi skoro wszystko<br>To sprzeciwia si\u0119 z gruntu<br>I fundamentalnie patrzeniu Bo\u017cemu<br>Na ludzi i \u015bwiat<br>A zgadza si\u0119 ca\u0142kowicie<br>Z uzurpacjami szatana pysznymi<br>Usprawiedliwione jest tylko zabijanie<br>W s\u0142usznej obronie w\u0142asnej<br>A kogo oni broni\u0105<br>Zabijaj\u0105c niewinne dzieci Bo\u017ce<br>To wszystko czyni\u0105 te bestie<br>I chc\u0105 czyni\u0107 nieustannie<br>W imi\u0119 szatana bo to<br>W logice najprostszej przeczy Bogu<br>Wobec kt\u00f3rego i w kt\u00f3rym<br>Ja te\u017c broni\u0119 swojego swoich<br>I staj\u0119 si\u0119 g\u0142osem<br>Wszelkich niewinnych poddanych zbrodni bestii<br>B\u00f3g nie ma upodobania<br>W zniszczeniu i \u015bmierci<br>W wojnie pysznych przeciwko cz\u0142owiecze\u0144stwu<br>To domena szatana oczywista domniemana<br>Ca\u0142kowicie s\u0142usznie to komu<br>S\u0142u\u017c\u0105 te bestie i post\u0119puj\u0105<br>Nieustannie w zbrodniach \u015bmierci gwa\u0142tu<\/p>\n\n\n\n<p>I najpe\u0142niej chwa\u0142\u0119 oddaje Bogu<br>W sercu wolny cz\u0142owiek<br>Kt\u00f3ry nie poddaje si\u0119 grzechowi<br>A oni bazuj\u0105 na ludzi<br>Bezsumieniu zniekszta\u0142conemu i zepsuciu<br>Czyni\u0105 z ludzi tu bydlak\u00f3w<br>Skoro wobec tego wykorzystuj\u0105 ich<br>W z\u0142u uwik\u0142anie w zniewoleniu<br>Ich samych i gwa\u0142cie wszelkim<br>Wobec tych Bo\u017cych dzieci<br>Wytwarzaj\u0105 wi\u0119c takich r\u00f3\u017cnych \u0142ajdak\u00f3w<br>Zawodowych prywatnych i s\u0142u\u017cbowych<br>Wsz\u0119dzie gdzie jeste\u015bmy mo\u017cemy by\u0107<br>I nawet je\u015bli jest to<br>Pod\u0142ug ich nieprawo\u015bci wewn\u0119trznej wcze\u015bniej<br>To utwierdzaj\u0105 w nich<br>Tendecje sprzedawania z\u0142u swojego cz\u0142owiecze\u0144stwa<br>W s\u0142u\u017cbie tych bestii<br>To nas nawet bardzo dotyczy<br>Bo te wszelkie bydlaki<br>Pod\u0142ug tych bestii maj\u0105 nas<br>Napada\u0107 i prowokowa\u0107 w celach<br>Zniewolenia co najmniej tych bestii<br>A kto ma upodobanie<br>W cz\u0142owieka w z\u0142u zniewalaniu<br>Na pewno nie B\u00f3g<br>To domena szatana ca\u0142kowita jest<br>B\u00f3g chce wolno\u015bci dzieci Bo\u017cych<br>W dobru i prawdzie<br>A nie w s\u0142u\u017cbie z\u0142ych<br>Ob\u0142udzie i k\u0142amstwom ku zniewoleniom<br>Komu wi\u0119c s\u0142u\u017c\u0105 te bestie<br>A ci bydlacy kt\u00f3rzy post\u0119puj\u0105<br>Tak w\u0142a\u015bnie w imi\u0119 bestii<br>Ich k\u0142amstw i zbrodni jednocze\u015bnie<br>To wszystko czyni\u0105 rykoszetem niejako<br>A raczej nast\u0119pstwem w z\u0142u<br>Post\u0119powaniem w imi\u0119 te\u017c szatana<\/p>\n\n\n\n<p>S\u0105 to bardzo proste koherencje<br>Jednak przy zachowaniu wszelkiej odpowiednio\u015bci<br>I nieustaj\u0105c\u0105 bydlak\u00f3w i bestii<br>W tych szata\u0144skich d\u0105\u017ceniach<br>Ku zbrodniom \u015bmierci zniewolenia zniszczenia<br>Gwa\u0142tu i walki zawsze przeciwko<br>Bo\u017cym dzieciom s\u0142u\u017c\u0105cym Bo\u017cemu prawu<br>Nie chorym uzurpacjom szatana<br>Kt\u00f3ry poni\u017caj\u0105c innych tych<br>Gorszych niby sprawia \u017ce<br>Ci niby lepsi rosn\u0105<br>W niezmiern\u0105 pych\u0119 trac\u0105c zupe\u0142nie<br>Bo\u017c\u0105 perspektyw\u0119 r\u00f3wno\u015bci w cz\u0142owiecze\u0144stwie<br>Tak czyni\u0105 te bestie<br>I bydlaki wszelkie tak \u0142ajdacz\u0105ce<br>Nawet je\u015bli tylko betonowo<br>Zamykaj\u0105c si\u0119 na prawdy Bo\u017ce<br>A przyklaskuj\u0105c tym samym potwierdzaj\u0105c<br>Bestii zbrodnie w imi\u0119 szatana<\/p>\n\n\n\n<figure class=\"wp-block-gallery has-nested-images columns-default is-cropped wp-block-gallery-1 is-layout-flex wp-block-gallery-is-layout-flex\">\n<figure class=\"wp-block-image size-large\"><a href=\"https:\/\/hubertpietka.bialystok.pl\/wp-content\/uploads\/2025\/10\/1000030467.jpg\"><img loading=\"lazy\" decoding=\"async\" width=\"1024\" height=\"771\" data-id=\"9808\" src=\"https:\/\/hubertpietka.bialystok.pl\/wp-content\/uploads\/2025\/10\/1000030467-1024x771.jpg\" alt=\"\" class=\"wp-image-9808\" srcset=\"https:\/\/hubertpietka.bialystok.pl\/wp-content\/uploads\/2025\/10\/1000030467-1024x771.jpg 1024w, https:\/\/hubertpietka.bialystok.pl\/wp-content\/uploads\/2025\/10\/1000030467-300x226.jpg 300w, https:\/\/hubertpietka.bialystok.pl\/wp-content\/uploads\/2025\/10\/1000030467-768x578.jpg 768w, https:\/\/hubertpietka.bialystok.pl\/wp-content\/uploads\/2025\/10\/1000030467-1536x1156.jpg 1536w, https:\/\/hubertpietka.bialystok.pl\/wp-content\/uploads\/2025\/10\/1000030467.jpg 1600w\" sizes=\"auto, (max-width: 1024px) 100vw, 1024px\" \/><\/a><\/figure>\n<\/figure>\n\n\n\n<p><em>Na zdj. Nawet nasze pieski i kot<br>W zgodzie ze sw\u0105 natur\u0105<br>W Bogu i s\u0142u\u017cenia cz\u0142owiekowi<br>Nie chc\u0105 s\u0142u\u017cy\u0107 zbrodniom bestii<br>Dlatego nawet zwierz\u0119ta przeszkadzaj\u0105<br>Tym bestiom i \u0142ajdakom wszelkim<br>Bo nie zniekszta\u0142cone z\u0142em<br>Stworzenie Bo\u017ce s\u0142u\u017cy cz\u0142owiekowi<br>A te bestie chc\u0105<br>Chyba wszystkich uczyni\u0107 zniewolonymi<br>Z\u0142em szata\u0144skim a innych<br>Kt\u00f3rzy nie podaj\u0105 si\u0119 temu<br>Zniszczy\u0107 zabi\u0107 w imi\u0119 szatana<br>To wszystko jest w\u0142a\u015bnie tak <\/em><\/p>\n\n\n\n<p><strong><em><a href=\"https:\/\/youtu.be\/-hTxUv6hUq8\">Andrzej Ko\u0142akowski &#8211; Ballada o moim Jezusie <\/a><\/em><\/strong><\/p>\n\n\n\n<p class=\"has-text-align-center\"><strong><em><a href=\"https:\/\/youtu.be\/klmHYu4BaAQ\">Andrzej Ko\u0142akowski &#8211; Przysi\u0119ga<\/a><\/em><\/strong><\/p>\n\n\n\n<p class=\"has-text-align-right\"><strong><em><a href=\"https:\/\/youtu.be\/nA8dTsaORaM\">Andrzej Ko\u0142akowski &#8211; Oskar\u017ceni o wierno\u015b\u0107<\/a><\/em><\/strong><\/p>\n\n\n\n<p class=\"has-text-align-right\"><strong>+ RIP<\/strong><\/p>\n\n\n\n<p class=\"has-text-align-right\"><em>(a to czy\u017c nie kolejna ofiara bestii tych, ech!)<\/em><\/p>\n","protected":false},"excerpt":{"rendered":"<p>Je\u015bli &#8222;chwa\u0142\u0105 Boga jest\u017bywy cz\u0142owiek&#8221; iB\u00f3g &#8222;nie ma upodobaniamiW \u015bmierci&#8221; a &#8222;szatan by\u0142I jest zab\u00f3jc\u0105&#8221; toWed\u0142ug kogo post\u0119puj\u0105 te bestieSkoro B\u00f3g upodoba\u0142 sobieW \u017cyciu wiernym&hellip; <\/p>\n","protected":false},"author":1,"featured_media":0,"parent":0,"menu_order":0,"comment_status":"closed","ping_status":"closed","template":"","meta":{"footnotes":""},"class_list":["post-9807","page","type-page","status-publish","hentry"],"_links":{"self":[{"href":"https:\/\/hubertpietka.bialystok.pl\/index.php?rest_route=\/wp\/v2\/pages\/9807","targetHints":{"allow":["GET"]}}],"collection":[{"href":"https:\/\/hubertpietka.bialystok.pl\/index.php?rest_route=\/wp\/v2\/pages"}],"about":[{"href":"https:\/\/hubertpietka.bialystok.pl\/index.php?rest_route=\/wp\/v2\/types\/page"}],"author":[{"embeddable":true,"href":"https:\/\/hubertpietka.bialystok.pl\/index.php?rest_route=\/wp\/v2\/users\/1"}],"replies":[{"embeddable":true,"href":"https:\/\/hubertpietka.bialystok.pl\/index.php?rest_route=%2Fwp%2Fv2%2Fcomments&post=9807"}],"version-history":[{"count":1,"href":"https:\/\/hubertpietka.bialystok.pl\/index.php?rest_route=\/wp\/v2\/pages\/9807\/revisions"}],"predecessor-version":[{"id":9809,"href":"https:\/\/hubertpietka.bialystok.pl\/index.php?rest_route=\/wp\/v2\/pages\/9807\/revisions\/9809"}],"wp:attachment":[{"href":"https:\/\/hubertpietka.bialystok.pl\/index.php?rest_route=%2Fwp%2Fv2%2Fmedia&parent=9807"}],"curies":[{"name":"wp","href":"https:\/\/api.w.org\/{rel}","templated":true}]}}