{"id":9836,"date":"2025-11-12T09:55:36","date_gmt":"2025-11-12T09:55:36","guid":{"rendered":"https:\/\/hubertpietka.bialystok.pl\/?page_id=9836"},"modified":"2025-11-12T09:55:36","modified_gmt":"2025-11-12T09:55:36","slug":"bestii-obrona-antywartosci-klamstw-wszelkich-i-zbrodni-przeciwko-tym-malym-wiernym","status":"publish","type":"page","link":"https:\/\/hubertpietka.bialystok.pl\/?page_id=9836","title":{"rendered":"Bestii obrona antywarto\u015bci &#8211; k\u0142amstw wszelkich i zbrodni \/ przeciwko tym ma\u0142ym wiernym"},"content":{"rendered":"\n<p>A teraz sami oce\u0144cie<br>Za co nas tak naprawd\u0119<br>Nie nawiedza tak te bestie<br>I pod\u0142ug nich \u0142ajdaki wszelkie<br>Czy\u017c mnie nie za obron\u0119<br>Warto\u015bci \u017cycia ka\u017cdego w Bogu<br>Czy\u017c \u017cony za wierno\u015b\u0107 m\u0119\u017cowi<br>Warto\u015bci Bo\u017ce wierno\u015b\u0107 czysto\u015b\u0107 prawo\u015b\u0107<br>Najbardziej przez tych znienawidzone szata\u0144sko<br>Bo przecie\u017c oni ceni\u0105 tylko<br>\u017bycie swoje a wierno\u015b\u0107 rozumiej\u0105<br>Jako \u0142ajdaczenie bez ko\u0144ca ideologiczne<br>Pod\u0142ug egoizmu i dora\u017anych korzy\u015bci<\/p>\n\n\n\n<p>A kto jest pierwszy<br>W \u0142ajdaczeniu pod\u0142ug tych bestii<br>Jak nie te bandyckie mi\u015bki<br>Czy tam zreszt\u0105 jacy s\u0142u\u017cbi\u015bci<br>Znale\u017ali si\u0119 ku\u017awa obro\u0144cy<br>Wszelkich tych bestii k\u0142amstw zbrodni<br>Przeciwko wszelkim niewinnym dzieciom Bo\u017cym<br>I wsp\u00f3\u0142pracuj\u0105 przecie\u017c wspaniale<br>Z r\u00f3\u017cnymi prywatnymi bydlakami<br>W realizacji zamys\u0142\u00f3w z\u0142owrogich bestii<br>I z t\u0105 podwij\u0105 bydlacz\u0105<br>I z tam szemranymi wykoleje\u0144cami<br>I z tym ta\u0142atajstwem chach\u0142ackim<br>Zreszt\u0105 wszelcy kt\u00f3rzy spe\u0142niaj\u0105<br>Po\u017c\u0105dania tych bestii mog\u0105 zawsze<br>Liczy\u0107 na pomoc w zbrodniach<br>Pod\u0142ug tych bestii wszelkich s\u0142u\u017cbist\u00f3w<br>Tak walczy system bestii totalitarny<br>Anga\u017cuj\u0105c ob\u0142udnie wszelkie \u015brodki przemocy<br>Przeciwko tym ma\u0142ym s\u0142ugom Bo\u017cym<br>Maj\u0105 przecie\u017c szata\u0144skie bestie te<br>R\u00f3\u017cnych \u0142ajdak\u00f3w bydlacz\u0105cych zawsze<br>Pod\u0142ug nich wi\u0119c i oni<br>Skoro s\u0142ugami szata\u0144skich antywarto\u015bci zbrodni<br>S\u0105 te\u017c nominalnie s\u0142ugami diab\u0142a<br>Czy im si\u0119 to podoba<br>Czy nie to tak jest<br>Pod\u0142ug Boga jest dobro warto\u015bci<br>A pod\u0142ug szatana antywarto\u015bci wszelkie<br>Zbrodnie i ob\u0142udne k\u0142amstwa pod\u0142e<\/p>\n\n\n\n<figure class=\"wp-block-gallery has-nested-images columns-default is-cropped wp-block-gallery-1 is-layout-flex wp-block-gallery-is-layout-flex\">\n<figure class=\"wp-block-image size-large\"><a href=\"https:\/\/hubertpietka.bialystok.pl\/wp-content\/uploads\/2025\/11\/1000034539.jpg\"><img loading=\"lazy\" decoding=\"async\" width=\"771\" height=\"1024\" data-id=\"9837\" src=\"https:\/\/hubertpietka.bialystok.pl\/wp-content\/uploads\/2025\/11\/1000034539-771x1024.jpg\" alt=\"\" class=\"wp-image-9837\" srcset=\"https:\/\/hubertpietka.bialystok.pl\/wp-content\/uploads\/2025\/11\/1000034539-771x1024.jpg 771w, https:\/\/hubertpietka.bialystok.pl\/wp-content\/uploads\/2025\/11\/1000034539-226x300.jpg 226w, https:\/\/hubertpietka.bialystok.pl\/wp-content\/uploads\/2025\/11\/1000034539-768x1021.jpg 768w, https:\/\/hubertpietka.bialystok.pl\/wp-content\/uploads\/2025\/11\/1000034539-1156x1536.jpg 1156w, https:\/\/hubertpietka.bialystok.pl\/wp-content\/uploads\/2025\/11\/1000034539.jpg 1204w\" sizes=\"auto, (max-width: 771px) 100vw, 771px\" \/><\/a><\/figure>\n<\/figure>\n\n\n\n<p><em>Na zdj. Pod\u0142ug bestii powinni z nami<br>Przecie\u017c walczy\u0107 wszyscy by nas<br>Naszych i nasze odpowiednio zniszczy\u0107<br>Co tam Pan B\u00f3g<br>I to co m\u00f3wi<br>Skoro przecie\u017c bestie maj\u0105<br>Na wszystko k\u0142amstwa szata\u0144skie ob\u0142udne<br>Ku wszelkim swym zbrodniom<br>I \u0142ajdak\u00f3w wszelkich temu s\u0142u\u017c\u0105cych<br>Przecie\u017c ma by\u0107 pod\u0142ug bestii<br>Nie pod\u0142ug Boga ciekawe tylko<br>Czy B\u00f3g im racj\u0119 przyzna<br>We wszelkich k\u0142amstwach ob\u0142udnych zbrodniach<br>Czy raczej odpowie wszelkiemu szata\u0144stwu<br>Jak odpowiedzie\u0107 nale\u017cy pod\u0142ug<br>Wszelkich warto\u015bci Bo\u017cych i im wierno\u015bci<br>B\u00f3g nie mo\u017ce przecie\u017c<br>Zaprzeczy\u0107 samemu Sobie wbrew ich<br>Totalnej chyba hipokryzji<br>I te\u017c tych \u0142ajdak\u00f3w wszelkich<br>A jak my\u015bl\u0105 tacy owacy<br>\u017be Boga oszukaj\u0105 mnie zniewalaj\u0105c<br>To \u017ceby si\u0119 nie zdziwili<br>Te\u017c czasem jak B\u00f3g<br>I za te ob\u0142udne \u0142ajdactwa<br>Zreszt\u0105 wszelkich ka\u017ce Sobie zap\u0142aci\u0107<\/em><\/p>\n\n\n\n<p><strong>A ob\u0142uda tych bestii<br>I \u0142ajdak\u00f3w wszelkich przecie\u017c ju\u017c<br>Do Boga g\u0142o\u015bno wo\u0142a<br>Na kanwie zreszt\u0105 wszelkich zbrodni<br>Kt\u00f3re ju\u017c ci pope\u0142nili szata\u0144sko<br>Wi\u0119c si\u0119 nie \u0142ud\u017acie B\u00f3g<br>Na ka\u017cd\u0105 ob\u0142ud\u0119 odpowie<br>Pr\u0119dzej czy p\u00f3\u017aniej i tak\u017ce<br>Za wsp\u00f3\u0142udzia\u0142 w zbrodniach wszelkich<br>Tych bestii czy za zwyk\u0142e<br>Cho\u0107by przyzwolenie temu k\u0142amstwom zbrodniom<\/strong><br><strong>Tych bestii i \u0142ajdak\u00f3w wszelkich<\/strong><\/p>\n\n\n\n<p class=\"has-text-align-right\"><strong><em><a href=\"https:\/\/youtu.be\/_DK-y6Tqj50\">\u0141ukasz \u0141yczakowski &amp; Przyjaciele &#8211; Wo\u0142anie o pok\u00f3j \/ Polish chart <\/a><\/em><\/strong><\/p>\n","protected":false},"excerpt":{"rendered":"<p>A teraz sami oce\u0144cieZa co nas tak naprawd\u0119Nie nawiedza tak te bestieI pod\u0142ug nich \u0142ajdaki wszelkieCzy\u017c mnie nie za obron\u0119Warto\u015bci \u017cycia ka\u017cdego w BoguCzy\u017c \u017cony&hellip; <\/p>\n","protected":false},"author":1,"featured_media":0,"parent":0,"menu_order":0,"comment_status":"closed","ping_status":"closed","template":"","meta":{"footnotes":""},"class_list":["post-9836","page","type-page","status-publish","hentry"],"_links":{"self":[{"href":"https:\/\/hubertpietka.bialystok.pl\/index.php?rest_route=\/wp\/v2\/pages\/9836","targetHints":{"allow":["GET"]}}],"collection":[{"href":"https:\/\/hubertpietka.bialystok.pl\/index.php?rest_route=\/wp\/v2\/pages"}],"about":[{"href":"https:\/\/hubertpietka.bialystok.pl\/index.php?rest_route=\/wp\/v2\/types\/page"}],"author":[{"embeddable":true,"href":"https:\/\/hubertpietka.bialystok.pl\/index.php?rest_route=\/wp\/v2\/users\/1"}],"replies":[{"embeddable":true,"href":"https:\/\/hubertpietka.bialystok.pl\/index.php?rest_route=%2Fwp%2Fv2%2Fcomments&post=9836"}],"version-history":[{"count":1,"href":"https:\/\/hubertpietka.bialystok.pl\/index.php?rest_route=\/wp\/v2\/pages\/9836\/revisions"}],"predecessor-version":[{"id":9838,"href":"https:\/\/hubertpietka.bialystok.pl\/index.php?rest_route=\/wp\/v2\/pages\/9836\/revisions\/9838"}],"wp:attachment":[{"href":"https:\/\/hubertpietka.bialystok.pl\/index.php?rest_route=%2Fwp%2Fv2%2Fmedia&parent=9836"}],"curies":[{"name":"wp","href":"https:\/\/api.w.org\/{rel}","templated":true}]}}