{"id":9888,"date":"2025-11-26T16:54:59","date_gmt":"2025-11-26T16:54:59","guid":{"rendered":"https:\/\/hubertpietka.bialystok.pl\/?page_id=9888"},"modified":"2025-11-26T16:54:59","modified_gmt":"2025-11-26T16:54:59","slug":"zepsuci-klamcy-podlug-obludy-najgorszej-te-bestie-i-lajdactwo-wszelkie","status":"publish","type":"page","link":"https:\/\/hubertpietka.bialystok.pl\/?page_id=9888","title":{"rendered":"Zepsuci k\u0142amcy &#8211; pod\u0142ug ob\u0142udy najgorszej \/ te bestie i \u0142ajdactwo wszelkie"},"content":{"rendered":"\n<p>To przechodzi ju\u017c chyba<br>Ludzkie poj\u0119cie totalne szata\u0144stwo tych<br>Wynaturzonych wszelkim z\u0142em najgorszym bestii<\/p>\n\n\n\n<p>Nawet w ko\u015bciele zreszt\u0105 wsz\u0119dzie<br>Gdzie by\u015bmy si\u0119 nie znale\u017ali<br>Prze\u015bladuj\u0105 nas szata\u0144sko te bestie<br>Jak nie napa\u015b\u0107 z\u0142owroga \u0142ajdak\u00f3w<br>Tych bestii wszelkich to wkr\u0119ca\u0107<br>Ob\u0142ud\u0105 najgorsz\u0105 piekieln\u0105 nas mnie<br>W k\u0142amstwa najgorsze perfidne pod\u0142e<br>Bo nic nie maj\u0105ce wsp\u00f3lnego<br>Z prawd\u0105 cho\u0107by w kradzie\u017ce<br>Jakie\u015b ci totalnie zepsuci ob\u0142udnicy<br>Jak ja w doros\u0142ym \u017cyciu<br>Nikomu nic nigdy nie ukrad\u0142em<br>Poza nie\u015bcis\u0142o\u015bci\u0105 pewn\u0105 instytucjonaln\u0105<br>Gdzie wykorzysta\u0142em to w swej<br>Wielkiej biedzie by m\u00f3c w og\u00f3le<br>Jako\u015b prze\u017cy\u0107 a przecie\u017c politycy<br>Instytucjonalnie dla siebie i swoich<br>Robi\u0105 to niemal regularnie<br>\u017be tak powiem i \u017ce<br>O tych bestiach ju\u017c nawet<br>Nie wspomn\u0119 B\u00f3g ukaza\u0142<br>Mi to \u017ce oni kradn\u0105<br>Niemal na ka\u017cdym kroku<br>I dlatego ob\u0142udnicy chc\u0105 mnie<br>Czy nas o to oskar\u017ca\u0107<br>Byleby tylko m\u00f3c nas dopa\u015b\u0107<br>Zniewoli\u0107 szata\u0144sko bo te bestie<br>Kradzieje B\u00f3g mi to ukaza\u0142<br>\u017byj\u0105 z wyzysku zagarniaj\u0105c nieustannie<br>To co ich nie by\u0142o<br>I na tym si\u0119 bogac\u0105<br>Wi\u0119c im \u0142atwo przy\u0142o\u017cy\u0107 t\u0105<br>Ob\u0142udn\u0105 kalk\u0119 pod\u0142ug swych zbrodni<br>By oskar\u017ca\u0107 tych ma\u0142ych niewinnych<\/p>\n\n\n\n<p>A poza tym u\u015bmierca\u0107 napada\u0107<br>Nas mo\u017cna wsz\u0119dzie zawsze<br>Przecie\u017c powinni\u015bmy si\u0119 podda\u0107 szanta\u017cowi<br>\u0141ajdackiemu tych bestii i nawet<br>Nie wchodzi\u0107 na t\u0105 rod\u00f3wk\u0119<br>Bo \u0142ajdacy tych bestii zepsusi<br>Napada\u0107 nas maj\u0105 przecie\u017c wsz\u0119dzie<br>Od tej podwiji k\u0142amliwej tutaj<br>Tam po wykoleje\u0144c\u00f3w szemra\u0144c\u00f3w zajad\u0142ych<br>I tam znowu to ta\u0142atajstwo<br>A poza tym zawsze wsz\u0119dzie<br>\u0141ajdacz\u0105ce pod\u0142ug bestii bandyckie misie<br>Czy inni bydlacy wykorzystuj\u0105cy swe<br>Stanowiska tak\u017ce zawodowe czy s\u0142u\u017cbowe<br>Ob\u0142udnicy wykorzystuj\u0105 ob\u0142udnik\u00f3w do swych<br>Szata\u0144skich pod\u0142ych zbrodni perfidnych<\/p>\n\n\n\n<p>\u017be ju\u017c nawet nie wspomn\u0119<br>O ich wszelkich \u015brodkach morderczych<br>Kt\u00f3re te\u017c z lubo\u015bci\u0105 wykoleje\u0144c\u00f3w<br>Moralnych totalnych lubi\u0105 te besti\u0119<br>I \u0142ajdacy wszelcy przeciwko nam<br>Naszemu i naszym pod jakimkolwiek<br>Pozorem zreszt\u0105 wykorzystywa\u0107 zepsuci szata\u0144stwem<\/p>\n\n\n\n<p>A mo\u017ce to tak posz\u0142o<br>\u017be teraz napada\u0107 nas maj\u0105<br>Tak\u017ce te szata\u0144skie bestie<br>Ju\u017c im za ma\u0142o wykorzystywa\u0107<br>R\u00f3\u017cnych \u0142ajdackich wszelkich ob\u0142udnik\u00f3w<br>To mo\u017ce teraz te szata\u0144skie<br>Ze wszech miar bestie<br>Maj\u0105 nas te\u017c napada\u0107 osobi\u015bcie<\/p>\n\n\n\n<figure class=\"wp-block-gallery has-nested-images columns-default is-cropped wp-block-gallery-1 is-layout-flex wp-block-gallery-is-layout-flex\">\n<figure class=\"wp-block-image size-large\"><a href=\"https:\/\/hubertpietka.bialystok.pl\/wp-content\/uploads\/2025\/11\/1000036694.jpg\"><img loading=\"lazy\" decoding=\"async\" width=\"1024\" height=\"771\" data-id=\"9889\" src=\"https:\/\/hubertpietka.bialystok.pl\/wp-content\/uploads\/2025\/11\/1000036694-1024x771.jpg\" alt=\"\" class=\"wp-image-9889\" srcset=\"https:\/\/hubertpietka.bialystok.pl\/wp-content\/uploads\/2025\/11\/1000036694-1024x771.jpg 1024w, https:\/\/hubertpietka.bialystok.pl\/wp-content\/uploads\/2025\/11\/1000036694-300x226.jpg 300w, https:\/\/hubertpietka.bialystok.pl\/wp-content\/uploads\/2025\/11\/1000036694-768x578.jpg 768w, https:\/\/hubertpietka.bialystok.pl\/wp-content\/uploads\/2025\/11\/1000036694-1536x1156.jpg 1536w, https:\/\/hubertpietka.bialystok.pl\/wp-content\/uploads\/2025\/11\/1000036694.jpg 1600w\" sizes=\"auto, (max-width: 1024px) 100vw, 1024px\" \/><\/a><\/figure>\n<\/figure>\n\n\n\n<p><em>Niewyartyku\u0142owane jest to szata\u0144stwo bestii<br>Dla mnie to ju\u017c przechodzi<br>Moje zwyk\u0142e poj\u0119cie szata\u0144stwo totalne<br>Tych bestii i \u0142ajdak\u00f3w wszelkich<br>Byleby ku zbrodniom swym tylko<br>Pod\u0142ug k\u0142amstw i ob\u0142udy najgorszej<br>&#8222;Jak oni mog\u0105 uj\u015b\u0107 pot\u0119pienia<br>W piekle&#8221; skoro tak pod\u0142ug<br>Z\u0142a najgorszego wszelkiego r\u00f3\u017cni oni<br>Jezu ufam Tobie wbrew tej<br>Ob\u0142udzie pod\u0142ej d\u0105\u017cenia ku zbrodniom<br>Wspomagaj Bo\u017ce przeciwko tych bestii<br>I \u0142ajdak\u00f3w wszelkich totalnej przemocy<\/em><\/p>\n","protected":false},"excerpt":{"rendered":"<p>To przechodzi ju\u017c chybaLudzkie poj\u0119cie totalne szata\u0144stwo tychWynaturzonych wszelkim z\u0142em najgorszym bestii Nawet w ko\u015bciele zreszt\u0105 wsz\u0119dzieGdzie by\u015bmy si\u0119 nie znale\u017aliPrze\u015bladuj\u0105 nas szata\u0144sko te bestieJak&hellip; <\/p>\n","protected":false},"author":1,"featured_media":0,"parent":0,"menu_order":0,"comment_status":"closed","ping_status":"closed","template":"","meta":{"footnotes":""},"class_list":["post-9888","page","type-page","status-publish","hentry"],"_links":{"self":[{"href":"https:\/\/hubertpietka.bialystok.pl\/index.php?rest_route=\/wp\/v2\/pages\/9888","targetHints":{"allow":["GET"]}}],"collection":[{"href":"https:\/\/hubertpietka.bialystok.pl\/index.php?rest_route=\/wp\/v2\/pages"}],"about":[{"href":"https:\/\/hubertpietka.bialystok.pl\/index.php?rest_route=\/wp\/v2\/types\/page"}],"author":[{"embeddable":true,"href":"https:\/\/hubertpietka.bialystok.pl\/index.php?rest_route=\/wp\/v2\/users\/1"}],"replies":[{"embeddable":true,"href":"https:\/\/hubertpietka.bialystok.pl\/index.php?rest_route=%2Fwp%2Fv2%2Fcomments&post=9888"}],"version-history":[{"count":1,"href":"https:\/\/hubertpietka.bialystok.pl\/index.php?rest_route=\/wp\/v2\/pages\/9888\/revisions"}],"predecessor-version":[{"id":9890,"href":"https:\/\/hubertpietka.bialystok.pl\/index.php?rest_route=\/wp\/v2\/pages\/9888\/revisions\/9890"}],"wp:attachment":[{"href":"https:\/\/hubertpietka.bialystok.pl\/index.php?rest_route=%2Fwp%2Fv2%2Fmedia&parent=9888"}],"curies":[{"name":"wp","href":"https:\/\/api.w.org\/{rel}","templated":true}]}}