{"id":9901,"date":"2025-11-30T09:15:15","date_gmt":"2025-11-30T09:15:15","guid":{"rendered":"https:\/\/hubertpietka.bialystok.pl\/?page_id=9901"},"modified":"2025-11-30T09:15:15","modified_gmt":"2025-11-30T09:15:15","slug":"totalna-obluda-podla-dazen-tych-bestii-i-lajdactwa-do-wszelkich-zbrodni-przemocy","status":"publish","type":"page","link":"https:\/\/hubertpietka.bialystok.pl\/?page_id=9901","title":{"rendered":"Totalna ob\u0142uda pod\u0142a \/ d\u0105\u017ce\u0144 tych bestii i \u0142ajdactwa &#8211; do wszelkich zbrodni przemocy"},"content":{"rendered":"\n<p>Totalne szatany te bestie<br>I wszelkie \u0142ajdaki byleby tylko<br>Realizowa\u0107 sw\u0105 ob\u0142ud\u0119 pod\u0142\u0105<br>D\u0105\u017ce\u0144 do wszelkich z\u0142a zbrodni<\/p>\n\n\n\n<p>To jak\u0105 maj\u0105 tam kur w k\u0119<br>Na tej pi\u0142ce kt\u00f3ra ma<br>Mnie pod\u0142ug bestii wkr\u0119ca\u0107<br>W jakie\u015b ob\u0142\u0119dnie chore z\u0142odziejstwa<br>A na tej pomi\u0119dzy<br>Pod szyldem JPII szata\u0144stwa bestii<br>Takie te\u017c odpowiednie<br>I na jakiej tam zreszt\u0105<\/p>\n\n\n\n<p>Takie to szatany totalne<br>Te bestie i ich \u0142ajdaki<br>Sprzedajne kt\u00f3re chyba by siebie<br>Sprzeda\u0142y tym bestiom by zarobi\u0107<br>Na tym jako\u015b odpowiednio<\/p>\n\n\n\n<p>Bo wiadomo \u017ce wsz\u0119dzie indziej<br>I nawet w ko\u015bcio\u0142ach<br>Ten proceder wkr\u0119cania mnie nas<br>W jakie\u015b z\u0142odziejstwa ju\u017c<br>Od dawna uprawiaj\u0105 te bestie<br>Z \u0142ajdactwem kur w skin wszelkim<\/p>\n\n\n\n<p>A poza tym to mo\u017cna<br>Nas przecie\u017c zabija\u0107 zawsze<br>Nas naszych i nasze<br>Na to te\u017c maj\u0105 bestie<br>\u0141ajdak\u00f3w odpowiednich wszelkich i wsz\u0119dzie<br>Zabija\u0107 niszczy\u0107 i zniewala\u0107<br>Albo w po\u017cary jakie\u015b wkr\u0119ca\u0107<br>Co to za sk\u00f3rsyny<br>S\u0105 niesko\u0144czone w z\u0142u<br>Zepsute szatany oni i wszelcy<br>Pod\u0142ug nich i czy\u017c te<br>Mi\u015bki bandyckie i inni s\u0142u\u017cbi\u015bci<br>Nie s\u0105 te\u017c tak \u0142ajdaccy<br>Skoro oni z bestiami<br>I takimi r\u00f3\u017cnymi kur w ka mi<br>Graj\u0105 do jednej szata\u0144skiej bramki<br>Pod\u0142ug k\u0142amstw i ob\u0142udy bestii<\/p>\n\n\n\n<p>Byleby tylko zniewoli\u0107 czy zabi\u0107<br>Co za r\u00f3\u017cnica dla bestii<br>I szatana kto spe\u0142ni ich<br>Procedery zbrodni pod\u0142ych ob\u0142udnych wszelkich<\/p>\n\n\n\n<p>A poza tym<br>&#8222;Huzia na J\u00f3zia&#8221; jak si\u0119<br>Wyrazi jako\u015b nie\u015bci\u015ble jakby<br>Poezja by\u0142a traktatem matematycznym<br>Ale tak wszystko pod\u0142ug tych<br>Szata\u0144skich bestii i \u0142ajdak\u00f3w wszelkich<br>Nikt tego niby nie czyta<br>Ale jak co\u015b to byleby<br>Tylko zaszczu\u0107 zakrzycze\u0107 ob\u0142ud\u0105 odpowiedni\u0105<br>S\u0142owa te Bo\u017ce wszelkie<br>Wykr\u0119caj\u0105c k\u0142amliwie wszelkie moje intencje<\/p>\n\n\n\n<p>Bo czy ja mog\u0119<br>Lub chcia\u0142bym zabroni\u0107 co\u015b komu\u015b<br>Czy\u017c B\u00f3g tak robi<br>Ja tylko wskazuj\u0119 alternatyw\u0119<br>Dzie\u0142 pod\u0142ug Boga<br>Wobec wszelkiej k\u0142amliwej ob\u0142udy \u015bwiatowej<br>Na zasadzie cho\u0107by kontrastu<br>Ducha i cia\u0142a<br>Duszy pokornej i \u015bwiatowo\u015bci pysznej<\/p>\n\n\n\n<p>Ale oczywi\u015bcie maj\u0105 by\u0107 pod\u0142ug<br>Bestii i \u0142ajdak\u00f3w wszelkich<br>Przekr\u0119cane wszelkie s\u0142owa moje intencje<br>Nikt niby tego nie czyta<br>Ale jak trzeba to si\u0119<br>Zrobi wrzask zajad\u0142y nad nim<br>Takie to bestie szata\u0144skie<br>I tacy ob\u0142udnicy podobni \u0142ajdaccy<\/p>\n\n\n\n<p>A jak chc\u0105 to powiem<br>Do\u015b\u0107 prosto niech si\u0119 z\u0142ajdacz\u0105<br>Do ko\u0144ca je\u015bli nie chc\u0105<br>Zrozumie\u0107 dzie\u0142 Bo\u017cych i takich<br>Czystych intencji kt\u00f3re s\u0105<br>Tak naprawd\u0119 trosk\u0105 o cz\u0142owieka<br>Nie pr\u00f3b\u0105 narzucania czegokolwiek komukolwiek<br>Kto to rozumie to rozumie<br>A przewrotni w ob\u0142udzie<br>I tak b\u0119d\u0105 zawsze wykr\u0119ca\u0107<br>Dzie\u0142a Bo\u017ce i takie\u017c s\u0142owa<br>Bo ja nie m\u00f3wi\u0119 tego<br>Tylko od siebie nawet je\u015bli<br>Wyra\u017cam si\u0119 czasem nie\u015bci\u015ble niepe\u0142nie<br>Bo to ku\u017awa traktat filozoficzny<br>Bestie i \u0142ajdaki nie jest<\/p>\n\n\n\n<p>Niewypowiedziana jest chyba ob\u0142uda<br>Tych bestii i \u0142ajdak\u00f3w wszelkich<br>Zawodowych prywatnych i s\u0142u\u017cbowych sprzedawczyk\u00f3w<br>Byleby uderza\u0107 pod\u0142ug z\u0142a tylko<br>Byleby zrealizowa\u0107 d\u0105\u017cenia nienawistne<br>Do wszelkich zbrodni na nas<br>Naszych i naszym i jak\u017ce\u017c<br>Ten \u015bwiat ma zniszczenia odpowiednio<br>Nie odziedziczy\u0107 skoro daje pos\u0142uch<br>K\u0142amstwom ob\u0142udy bestii i szatana<br>I na dodatek nawet dzie\u0142a<br>Ich zbrodni chwali jak\u017ce\u017c ten<br>\u015awiat nie ma sp\u0142on\u0105\u0107<br>Skoro zakrzykuje si\u0119 dzieci Bo\u017ce<br>I skoro prawie chyba wszyscy<br>Uczestnicz\u0105 w nierz\u0105dzie zbrodni<br>Tych bestii lub na nie<br>Milcz\u0105 albo s\u0105 oboj\u0119tni<br>A dzieci Bo\u017ce byleby tylko<br>St\u0142amsi\u0107 by m\u00f3c zniewala\u0107 zabi\u0107<br>I to co nale\u017cy te\u017c<br>Do nich odpowiednio i tych<br>Kt\u00f3rzy nie s\u0105 im przeciwni<br>I k\u0142amstwom i zbrodniom<br>Tych bestii i \u0142ajdacz\u0105cych wszelako<br>Pod\u0142ug nich jak\u017ce\u017c ma przetrwa\u0107<br>Ten \u015bwiat skoro dzie\u0142a Bo\u017ce<br>I s\u0142owa z Boga odrzuca<br>Nadaj\u0105c im intencje pod\u0142ug diabelstwa<\/p>\n\n\n\n<p><em>Jezu ufam Tobie ave Maria<\/em><\/p>\n\n\n\n<p><strong>Zaszczu\u0107 zaszczeka\u0107 jak si\u0119 podwinie<br>Noga jako\u015b po ty tylko<br>By pod\u0142ug ob\u0142udy perfidnej pod\u0142ej<br>M\u00f3c \u0142atwiej czy\u015bci\u0107 wszelkie<br>Swe szata\u0144skie zbrodnie na nas<br>Naszych i naszym i innych<br>Niewinnych nienawi\u015bci bestii i \u0142ajdactwa<br>I tak oni wszystko perfidnie<br>Pod\u0142ug imperatywu z\u0142a przemocy szata\u0144skiej<br>Jakichkolwiek zreszt\u0105 kt\u00f3rzy s\u0142u\u017c\u0105 temu<\/strong><\/p>\n\n\n\n<p><strong><em><a href=\"https:\/\/youtu.be\/r5V3FT3RXx4?si=Js0JkIgkbY1gD26C\">Andrzej Lampert &#8211; Moje uwielbienie <\/a><\/em><\/strong><\/p>\n\n\n\n<figure class=\"wp-block-gallery has-nested-images columns-default is-cropped wp-block-gallery-1 is-layout-flex wp-block-gallery-is-layout-flex\">\n<figure class=\"wp-block-image size-large\"><a href=\"https:\/\/hubertpietka.bialystok.pl\/wp-content\/uploads\/2025\/11\/1000037221.jpg\"><img loading=\"lazy\" decoding=\"async\" width=\"771\" height=\"1024\" data-id=\"9902\" src=\"https:\/\/hubertpietka.bialystok.pl\/wp-content\/uploads\/2025\/11\/1000037221-771x1024.jpg\" alt=\"\" class=\"wp-image-9902\" srcset=\"https:\/\/hubertpietka.bialystok.pl\/wp-content\/uploads\/2025\/11\/1000037221-771x1024.jpg 771w, https:\/\/hubertpietka.bialystok.pl\/wp-content\/uploads\/2025\/11\/1000037221-226x300.jpg 226w, https:\/\/hubertpietka.bialystok.pl\/wp-content\/uploads\/2025\/11\/1000037221-768x1021.jpg 768w, https:\/\/hubertpietka.bialystok.pl\/wp-content\/uploads\/2025\/11\/1000037221-1156x1536.jpg 1156w, https:\/\/hubertpietka.bialystok.pl\/wp-content\/uploads\/2025\/11\/1000037221.jpg 1204w\" sizes=\"auto, (max-width: 771px) 100vw, 771px\" \/><\/a><\/figure>\n<\/figure>\n\n\n\n<p><em>Na zdj. \u015aw. Andrzej Bobola<br>Jak\u017ce\u017c ta ob\u0142uda pod\u0142a<br>Ma nie bole\u0107<br>Nie tylko mnie czy nas<br>Pokorne dzieci Bo\u017ce ale i<br>Boga kt\u00f3ry przecie\u017c umar\u0142<br>Pod\u0142ug takiej w\u0142a\u015bnie piekielnej ob\u0142udy<br>W d\u0105\u017ceniach do zbrodni niesprawiedliwych<br>Wszelkich s\u0142ug z\u0142a bestii \u0142ajdactwa<\/em><\/p>\n\n\n\n<p><strong><em><a href=\"https:\/\/youtu.be\/wxscpCWG0HU?si=FHMXnIfpsf5fsOWM\">Andrzej Lampert &#8211; Wci\u0105\u017c pytasz czemu <\/a><\/em><\/strong><\/p>\n","protected":false},"excerpt":{"rendered":"<p>Totalne szatany te bestieI wszelkie \u0142ajdaki byleby tylkoRealizowa\u0107 sw\u0105 ob\u0142ud\u0119 pod\u0142\u0105D\u0105\u017ce\u0144 do wszelkich z\u0142a zbrodni To jak\u0105 maj\u0105 tam kur w k\u0119Na tej pi\u0142ce kt\u00f3ra&hellip; <\/p>\n","protected":false},"author":1,"featured_media":0,"parent":0,"menu_order":0,"comment_status":"closed","ping_status":"closed","template":"","meta":{"footnotes":""},"class_list":["post-9901","page","type-page","status-publish","hentry"],"_links":{"self":[{"href":"https:\/\/hubertpietka.bialystok.pl\/index.php?rest_route=\/wp\/v2\/pages\/9901","targetHints":{"allow":["GET"]}}],"collection":[{"href":"https:\/\/hubertpietka.bialystok.pl\/index.php?rest_route=\/wp\/v2\/pages"}],"about":[{"href":"https:\/\/hubertpietka.bialystok.pl\/index.php?rest_route=\/wp\/v2\/types\/page"}],"author":[{"embeddable":true,"href":"https:\/\/hubertpietka.bialystok.pl\/index.php?rest_route=\/wp\/v2\/users\/1"}],"replies":[{"embeddable":true,"href":"https:\/\/hubertpietka.bialystok.pl\/index.php?rest_route=%2Fwp%2Fv2%2Fcomments&post=9901"}],"version-history":[{"count":1,"href":"https:\/\/hubertpietka.bialystok.pl\/index.php?rest_route=\/wp\/v2\/pages\/9901\/revisions"}],"predecessor-version":[{"id":9903,"href":"https:\/\/hubertpietka.bialystok.pl\/index.php?rest_route=\/wp\/v2\/pages\/9901\/revisions\/9903"}],"wp:attachment":[{"href":"https:\/\/hubertpietka.bialystok.pl\/index.php?rest_route=%2Fwp%2Fv2%2Fmedia&parent=9901"}],"curies":[{"name":"wp","href":"https:\/\/api.w.org\/{rel}","templated":true}]}}