{"id":9915,"date":"2025-12-02T22:42:01","date_gmt":"2025-12-02T22:42:01","guid":{"rendered":"https:\/\/hubertpietka.bialystok.pl\/?page_id=9915"},"modified":"2025-12-02T22:42:01","modified_gmt":"2025-12-02T22:42:01","slug":"obluda-pyszalkow-podlych-calkowicie-oddziela-od-boga","status":"publish","type":"page","link":"https:\/\/hubertpietka.bialystok.pl\/?page_id=9915","title":{"rendered":"Ob\u0142uda pysza\u0142k\u00f3w pod\u0142ych \/ ca\u0142kowicie oddziela od Boga"},"content":{"rendered":"\n<p>Czy B\u00f3g stworzy\u0142 cz\u0142owieka<br>Dla zbrodni jak te bestie<br>Chyba uwa\u017caj\u0105 \u017ce oni s\u0105<br>Po to by mordowa\u0107 tych<br>Kt\u00f3rych jako\u015b za gorszych uwa\u017caj\u0105<br>Jak by B\u00f3g nie stworzy\u0142<br>Wszystkich r\u00f3wnych a oddzieli ich<br>Tylko pod\u0142ug wybierania z\u0142a dobra<br>Jednych dla nieba dla piek\u0142a<br>Tych kt\u00f3rzy oddaj\u0105 si\u0119 z\u0142u<br>I ob\u0142udzie tych bestii niesko\u0144czonej<br>Wbrew tym przekr\u0119tom bestii paskudnym<br>\u017be oni czy inni \u0142ajdacy<br>S\u0105 po to by z\u0142o<br>Czyni\u0107 tym kt\u00f3rych pyszalcy<br>Uznali za jako\u015b gorszych<\/p>\n\n\n\n<p>Dlatego bestie i ob\u0142udniki \u0142ajdackie<br>Spokoju nie mog\u0105 zazna\u0107<br>W swych z\u0142owrogich po\u017c\u0105daniach zbrodni<br>Bo pok\u00f3j mo\u017cna znale\u017a\u0107 tylko<br>I wy\u0142\u0105cznie w Bogu<br>Nie w zbrodniach i ob\u0142udnych k\u0142amstwach<\/p>\n\n\n\n<p>A wszelcy ob\u0142udnicy bestie \u0142ajdacy<br>S\u0105 tak naprawd\u0119 pod\u0142ug ob\u0142udy<br>I d\u0105\u017ce\u0144 zbrodniczych zaprzeczeniem parodi\u0105<br>Zamiar\u00f3w Bo\u017cych bo B\u00f3g stworzy\u0142<br>Cz\u0142owieka dla dobra i mi\u0142o\u015bci<br>Nie zbrodni i k\u0142amstw pod\u0142ych<\/p>\n\n\n\n<p>A ob\u0142udnik\u00f3w Jezus nawet chyba<br>Nie chcia\u0142 nawraca\u0107 tylko m\u00f3wi\u0142<br>Do nich twardo \u017ce do<br>Piek\u0142a prosto oni trafi\u0105<br>Bo ob\u0142uda objawia zepsucie serca<br>Pod\u0142ug udawania innych intencji<br>By komu\u015b nienawistnemu bestiom \u0142ajdakom<br>Z\u0142o uczyni\u0107 tak naprawd\u0119 konkretne<br>Cho\u0107by rykoszetem uderza\u0107 z\u0142owrogo podle<br>Ob\u0142uda jest zawaluowanym k\u0142amstwem<br>D\u0105\u017c\u0105cym do zbrodni z\u0142owieszczo perfidnie<br>Mimo pozor\u00f3w czegokolwiek zreszt\u0105 innego<\/p>\n\n\n\n<p>A dla misi\u00f3w mam tak\u0105<br>Przy\u015bpiewk\u0119 na melodi\u0119 Big Cyca<br>Z &#8222;Babci klozetowej&#8221;<br>*<strong>Ani KGB ani Gestapo<\/strong>*<br>*<strong>Lecz tylko tylko MO<\/strong>*<br>Zreszt\u0105 to si\u0119 tyczy<br>Wszelkich bandyckich s\u0142u\u017cbist\u00f3w oddanych ob\u0142udzie<br>Tych bestii ku zbrodniom wszelkim<br>Na nas naszych i naszym<br>Ale nie tylko wszelkim podpadni\u0119tym<br>Po\u017c\u0105daniom ob\u0142udnym zbrodni tych bestii<\/p>\n\n\n\n<p>A ta podwija bydlacza<br>Jak\u017ce\u017c spokoju mo\u017ce zazna\u0107<br>Skoro si\u0119 zaprzeda\u0142 skorumpowaniec ca\u0142kowicie<br>Zbrodniom tych bestii podobnie zreszt\u0105<br>Wszelkie \u0142ajdaki zawodowe prywatne s\u0142u\u017cbowe<br>Na us\u0142ugach zbrodni tych bestii<br>I szatana bo to r\u00f3wnoleg\u0142e<br>Pod\u0142ug nomina\u0142\u00f3w z\u0142a i zbrodniarzy<br>I wszelkich w zbrodniach wsp\u00f3\u0142uczestnik\u00f3w<\/p>\n\n\n\n<figure class=\"wp-block-gallery has-nested-images columns-default is-cropped wp-block-gallery-1 is-layout-flex wp-block-gallery-is-layout-flex\">\n<figure class=\"wp-block-image size-large\"><a href=\"https:\/\/hubertpietka.bialystok.pl\/wp-content\/uploads\/2025\/12\/1000037566.jpg\"><img loading=\"lazy\" decoding=\"async\" width=\"771\" height=\"1024\" data-id=\"9916\" src=\"https:\/\/hubertpietka.bialystok.pl\/wp-content\/uploads\/2025\/12\/1000037566-771x1024.jpg\" alt=\"\" class=\"wp-image-9916\" srcset=\"https:\/\/hubertpietka.bialystok.pl\/wp-content\/uploads\/2025\/12\/1000037566-771x1024.jpg 771w, https:\/\/hubertpietka.bialystok.pl\/wp-content\/uploads\/2025\/12\/1000037566-226x300.jpg 226w, https:\/\/hubertpietka.bialystok.pl\/wp-content\/uploads\/2025\/12\/1000037566-768x1021.jpg 768w, https:\/\/hubertpietka.bialystok.pl\/wp-content\/uploads\/2025\/12\/1000037566-1156x1536.jpg 1156w, https:\/\/hubertpietka.bialystok.pl\/wp-content\/uploads\/2025\/12\/1000037566.jpg 1204w\" sizes=\"auto, (max-width: 771px) 100vw, 771px\" \/><\/a><\/figure>\n<\/figure>\n\n\n\n<p><em>Kur wiszcze ja m\u00f3wi\u0119 wszelkie<br>Korniszony kur wi szony<br>Mog\u0119 tak m\u00f3wi\u0107 i m\u00f3wi\u0119<br>Oni zbrodnie mog\u0105 wszelakie ob\u0142udne<br>A ja si\u0119 nawet broni\u0107<br>Nie mog\u0119 swego i swoich<br>Ob\u0142udnicy totalni zepsuci szata\u0144stwem wszelkim<br>Ja mam tylko swoje s\u0142owo<br>Kt\u00f3re musi by\u0107 mocne czasem<br>Bo inaczej do bydlak\u00f3w ob\u0142udnych<br>Jako\u015b chyba nie trafia<br>Na przeciw tych zbrodniarzy ob\u0142udnych<br>Bestii i \u0142ajdak\u00f3w wszelkich<br>Zawodowych s\u0142u\u017cbowych prywatnych jakichkolwiek bydlak\u00f3w<br>Mam chyba poza Bogiem<br>Nas i ludzi dobrej woli<br>Nie zepsutej ob\u0142ud\u0105 bestii Reszty<br>Mam tylko tyle<br>Na przeciw ob\u0142udzie ku przemocy<\/em><\/p>\n","protected":false},"excerpt":{"rendered":"<p>Czy B\u00f3g stworzy\u0142 cz\u0142owiekaDla zbrodni jak te bestieChyba uwa\u017caj\u0105 \u017ce oni s\u0105Po to by mordowa\u0107 tychKt\u00f3rych jako\u015b za gorszych uwa\u017caj\u0105Jak by B\u00f3g nie stworzy\u0142Wszystkich r\u00f3wnych&hellip; <\/p>\n","protected":false},"author":1,"featured_media":0,"parent":0,"menu_order":0,"comment_status":"closed","ping_status":"closed","template":"","meta":{"footnotes":""},"class_list":["post-9915","page","type-page","status-publish","hentry"],"_links":{"self":[{"href":"https:\/\/hubertpietka.bialystok.pl\/index.php?rest_route=\/wp\/v2\/pages\/9915","targetHints":{"allow":["GET"]}}],"collection":[{"href":"https:\/\/hubertpietka.bialystok.pl\/index.php?rest_route=\/wp\/v2\/pages"}],"about":[{"href":"https:\/\/hubertpietka.bialystok.pl\/index.php?rest_route=\/wp\/v2\/types\/page"}],"author":[{"embeddable":true,"href":"https:\/\/hubertpietka.bialystok.pl\/index.php?rest_route=\/wp\/v2\/users\/1"}],"replies":[{"embeddable":true,"href":"https:\/\/hubertpietka.bialystok.pl\/index.php?rest_route=%2Fwp%2Fv2%2Fcomments&post=9915"}],"version-history":[{"count":1,"href":"https:\/\/hubertpietka.bialystok.pl\/index.php?rest_route=\/wp\/v2\/pages\/9915\/revisions"}],"predecessor-version":[{"id":9917,"href":"https:\/\/hubertpietka.bialystok.pl\/index.php?rest_route=\/wp\/v2\/pages\/9915\/revisions\/9917"}],"wp:attachment":[{"href":"https:\/\/hubertpietka.bialystok.pl\/index.php?rest_route=%2Fwp%2Fv2%2Fmedia&parent=9915"}],"curies":[{"name":"wp","href":"https:\/\/api.w.org\/{rel}","templated":true}]}}