{"id":9935,"date":"2025-12-05T09:30:54","date_gmt":"2025-12-05T09:30:54","guid":{"rendered":"https:\/\/hubertpietka.bialystok.pl\/?page_id=9935"},"modified":"2025-12-05T09:35:34","modified_gmt":"2025-12-05T09:35:34","slug":"szatanscy-popaprancy-wszelkimi-zbrodniami","status":"publish","type":"page","link":"https:\/\/hubertpietka.bialystok.pl\/?page_id=9935","title":{"rendered":"Szata\u0144scy *po-pa-pra\u0144cy* \/ wszelkimi zbrodniami (*pranymi* nieustannie w ob\u0142udzie)"},"content":{"rendered":"\n<p>1.<br>Szata\u0144skie sk\u00f3r syny nigdy niezaspokojone<br>W po\u017c\u0105daniach wszelkich zbrodni swoich<br>I w ob\u0142udnych pod\u0142ych perfidnych<br>D\u0105\u017ceniach do nich \u015bci\u015ble popapranych<br>Nienawi\u015bci\u0105 z\u0142owrogo\u015bci\u0105 do dzieci Bo\u017cych<br>Tak z \u017con\u0105 cho\u0107by<br>Jak nie zabi\u0107 zniewoli\u0107 bezpo\u015brednio<br>To gwa\u0142t zada\u0107 inaczej<br>Cho\u0107by sfingowa\u0107 jej niby samob\u00f3jstwo<br>A poprzez to te\u017c wiem<br>Cho\u0107by te sfingowane samob\u00f3jstwa r\u00f3\u017cne<br>\u017be oni s\u0105 chyba tu<br>D\u0142u\u017cej ni\u017c przypuszcza\u0142em bestie zepsute<br>K\u0142amstwami i wszelkimi zbrodniami<br>Tylko dzia\u0142ania ich by\u0142y ukryte<br>Bo ten cho\u0107by mechanizm<br>Jest tu te\u017c sk\u0105din\u0105d znany<\/p>\n\n\n\n<p>Tak ze \u015bmierci\u0105 dla niej<br>Dla mnie naszych i naszego<br>Ale i w szatanskim zniewalaniu<br>Maj\u0105 \u0142ajdak\u00f3w r\u00f3\u017cnych tu wszelkich<br>Zawodowych prywatnych i s\u0142u\u017cbowych<br>Byleby tylko ku wszelkim swym<br>Zbrodniom z szata\u0144stwa bezpo\u015brednio pochodz\u0105cym<\/p>\n\n\n\n<p>Zepsute szata\u0144stwem wszelkim te bestie<br>I wszelcy wsp\u00f3\u0142pracuj\u0105cy ob\u0142\u0119dnie choro<br>Z ich zbrodniami sprzedawczyki skorumpowane<\/p>\n\n\n\n<p><strong>Pod\u0142ug ob\u0142udy szata\u0144stw wszelkich<br>D\u0105\u017ce\u0144 ku zbrodniom to wszystko<br>Tych bestii i \u0142ajdak\u00f3w wszelkic<\/strong>h<\/p>\n\n\n\n<p>2.<br>A te bydlaki misiowe<br>I inni s\u0142u\u017cbi\u015bci to przecie\u017c<br>Ochraniaczy zbrodni bestii z siebie<br>Zrobili odpowiednio i ich wsp\u00f3\u0142uczestnik\u00f3w<br>W ka\u017cdej pod\u0142ej perfidnej ob\u0142udzie<\/p>\n\n\n\n<p>Tak te bestie zorganizowa\u0142y ca\u0142y system<br>Przemocy tych szatan\u00f3w \u0142ajdak\u00f3w wszelkich<br>Zawodowych prywatnych i s\u0142u\u017cbowych<br>Wobec tych niewinnych dzieci Bo\u017cych<br>Tej wszelkiej nienawi\u015bci ob\u0142\u0119dnie chorej<\/p>\n\n\n\n<figure class=\"wp-block-gallery has-nested-images columns-default is-cropped wp-block-gallery-1 is-layout-flex wp-block-gallery-is-layout-flex\">\n<figure class=\"wp-block-image size-large\"><a href=\"https:\/\/hubertpietka.bialystok.pl\/wp-content\/uploads\/2025\/12\/IMG-20251204-WA0022.jpg\"><img loading=\"lazy\" decoding=\"async\" width=\"1024\" height=\"771\" data-id=\"9936\" src=\"https:\/\/hubertpietka.bialystok.pl\/wp-content\/uploads\/2025\/12\/IMG-20251204-WA0022-1024x771.jpg\" alt=\"\" class=\"wp-image-9936\" srcset=\"https:\/\/hubertpietka.bialystok.pl\/wp-content\/uploads\/2025\/12\/IMG-20251204-WA0022-1024x771.jpg 1024w, https:\/\/hubertpietka.bialystok.pl\/wp-content\/uploads\/2025\/12\/IMG-20251204-WA0022-300x226.jpg 300w, https:\/\/hubertpietka.bialystok.pl\/wp-content\/uploads\/2025\/12\/IMG-20251204-WA0022-768x578.jpg 768w, https:\/\/hubertpietka.bialystok.pl\/wp-content\/uploads\/2025\/12\/IMG-20251204-WA0022-1536x1157.jpg 1536w, https:\/\/hubertpietka.bialystok.pl\/wp-content\/uploads\/2025\/12\/IMG-20251204-WA0022.jpg 2040w\" sizes=\"auto, (max-width: 1024px) 100vw, 1024px\" \/><\/a><\/figure>\n<\/figure>\n\n\n\n<p><em>Na zdj. A teraz *<strong>A6 C5 i B4<\/strong>*<br>*<strong>ABC 15<\/strong>* to mo\u017ce powinna<br>By\u0107 godzina mi\u0142osierdzia<br>Ale dla bestii wszystko jest<br>Ob\u0142udnym przyczynkiem ku z\u0142u szata\u0144skiemu<br>To ile bydlaki wychodzi chore<br>I komu to znowu<br>Ku ich wszelkim ob\u0142\u0119dnym zbrodniom<br>Tych bestii i \u0142ajdak\u00f3w sko\u0144czonych<br>Nie mog\u0105cych si\u0119 zatrzyma\u0107<br>We wszelkiej ob\u0142udzie ku z\u0142u<\/em><\/p>\n","protected":false},"excerpt":{"rendered":"<p>1.Szata\u0144skie sk\u00f3r syny nigdy niezaspokojoneW po\u017c\u0105daniach wszelkich zbrodni swoichI w ob\u0142udnych pod\u0142ych perfidnychD\u0105\u017ceniach do nich \u015bci\u015ble popapranychNienawi\u015bci\u0105 z\u0142owrogo\u015bci\u0105 do dzieci Bo\u017cychTak z \u017con\u0105 cho\u0107byJak nie&hellip; <\/p>\n","protected":false},"author":1,"featured_media":0,"parent":0,"menu_order":0,"comment_status":"closed","ping_status":"closed","template":"","meta":{"footnotes":""},"class_list":["post-9935","page","type-page","status-publish","hentry"],"_links":{"self":[{"href":"https:\/\/hubertpietka.bialystok.pl\/index.php?rest_route=\/wp\/v2\/pages\/9935","targetHints":{"allow":["GET"]}}],"collection":[{"href":"https:\/\/hubertpietka.bialystok.pl\/index.php?rest_route=\/wp\/v2\/pages"}],"about":[{"href":"https:\/\/hubertpietka.bialystok.pl\/index.php?rest_route=\/wp\/v2\/types\/page"}],"author":[{"embeddable":true,"href":"https:\/\/hubertpietka.bialystok.pl\/index.php?rest_route=\/wp\/v2\/users\/1"}],"replies":[{"embeddable":true,"href":"https:\/\/hubertpietka.bialystok.pl\/index.php?rest_route=%2Fwp%2Fv2%2Fcomments&post=9935"}],"version-history":[{"count":3,"href":"https:\/\/hubertpietka.bialystok.pl\/index.php?rest_route=\/wp\/v2\/pages\/9935\/revisions"}],"predecessor-version":[{"id":9940,"href":"https:\/\/hubertpietka.bialystok.pl\/index.php?rest_route=\/wp\/v2\/pages\/9935\/revisions\/9940"}],"wp:attachment":[{"href":"https:\/\/hubertpietka.bialystok.pl\/index.php?rest_route=%2Fwp%2Fv2%2Fmedia&parent=9935"}],"curies":[{"name":"wp","href":"https:\/\/api.w.org\/{rel}","templated":true}]}}