{"id":9960,"date":"2025-12-08T10:57:35","date_gmt":"2025-12-08T10:57:35","guid":{"rendered":"https:\/\/hubertpietka.bialystok.pl\/?page_id=9960"},"modified":"2025-12-08T10:57:35","modified_gmt":"2025-12-08T10:57:35","slug":"zbrodniczy-obludni-mordercy-szatanscy-wszelcy-dopadnie-was-boza-sprawiedliwosc-jeszcze","status":"publish","type":"page","link":"https:\/\/hubertpietka.bialystok.pl\/?page_id=9960","title":{"rendered":"Zbrodniczy ob\u0142udni mordercy szata\u0144scy wszelcy \/ dopadnie was Bo\u017ca sprawiedliwo\u015b\u0107 jeszcze"},"content":{"rendered":"\n<p>Sk\u00f3rsy\u0144skie szata\u0144skie bestie zbrodniarze mordercy<br>Najpierw Sosnowski Witek i kto<br>Tam jeszcze du\u017co ich by\u0142o<br>A teraz Kazik perfidne szatany<br>A kto potem Muniek \u0141yczek<br>Seba D\u017cem ca\u0142y takie szatany<br>Wszystko jedno czy r\u0119kami lekarzy<br>Wida\u0107 ca\u0142y \u015bwiat w r\u0119kach<br>A raczej brudnych \u0142apskach<br>Tych bestii totalnie szata\u0144skich<br>I \u0142ajdactwa wszelkiego z\u0142em skorumpowanego<\/p>\n\n\n\n<p><strong><em><a href=\"https:\/\/youtu.be\/lhpPM0K5D4U\">Kwartet Proforma &#8211; Ponad mrokiem rzek<\/a><\/em><\/strong><\/p>\n\n\n\n<p>*<strong>Kazik<\/strong>* szatany to trzeba go<br>*<strong>S-kaza\u0107<\/strong>* na \u015bmier\u0107 jak tylu<br>Innych tylko dlatego \u017ce si\u0119<br>Pod\u0142ug bestii z\u0142em nie *<strong>skorvili<\/strong>*<br>\u017be nie wyst\u0119powali przeciwko tym<br>Niewinnym nienawi\u015bci bestii ma\u0142ym<br>Wszystkich takich bestie chcecie zabi\u0107<\/p>\n\n\n\n<p>Kaziku kochany nie wiem<br>Czy mo\u017cna Ci\u0119 uchroni\u0107<br>Przed tym szata\u0144stwem tych bestii<br>Tej ca\u0142ej ob\u0142\u0119dnie chorej potwornej<br>Cywilizacji \u015bmierci wida\u0107 \u015bwiata ca\u0142ego<br>&#8222;Ale zachowa\u0142e\u015b si\u0119 jak trzeba&#8221;<br>Na koniec m\u00f3j drogi<br>Mam do Ciebie s\u0142owo<br>Zwr\u00f3\u0107 si\u0119 do Jezusa<br>On przejmie a mo\u017ce ocali<br>Pod\u0142ug warto\u015bci \u017cycia swego<br>Ju\u017c go jako\u015b potwierdzi\u0142e\u015b<br>Zr\u00f3b by dope\u0142ni\u0107 si\u0119 m\u00f3g\u0142<br>Tw\u00f3j cudowny \u017cycia *<strong>Kult<\/strong>*<br>A mo\u017ce sprawy si\u0119 przemieszcz\u0105<br>Z efektem nieoczekiwanym przez nikogo<\/p>\n\n\n\n<p>Mordercy bestie szatany zbrodniarze \u0142ajdacy<br>\u017bon\u0119 zabi\u0107 trzeba zawsze<br>Podobnie mnie i te zwierz\u0119ta<br>I jak tam totalne szatany<br>Jak nie Pawe\u0142 to mo\u017ce<br>Aga a mo\u017ce Ewe Radek<br>\u017baglowa\u0107 przecie\u017c szata\u0144sko pod\u0142ug bestii<br>Mo\u017cna jak si\u0119 chce<br>Zreszt\u0105 chyba wszyscy z bliskich<br>Moich i \u017cony s\u0105 zbrodniami<br>Tych szata\u0144skich na wskro\u015b bestii<br>Zagro\u017ceni i przyjaciele i bliscy<br>Ci wszyscy kt\u00f3rzy byli<br>Zwyczajnie po ludzku \u017cyczliwi<br>Kt\u00f3rzy co\u015b nam pomogli<br>Szatany wierutne zepsute z\u0142em najgorszym<\/p>\n\n\n\n<p><strong><em><a href=\"https:\/\/youtu.be\/prLSkjia8bM\">Kwartet Proforma &#8211; Prawie tak jak blues feat. Kazik Staszewski <\/a><\/em><\/strong><\/p>\n\n\n\n<figure class=\"wp-block-gallery has-nested-images columns-default is-cropped wp-block-gallery-1 is-layout-flex wp-block-gallery-is-layout-flex\">\n<figure class=\"wp-block-image size-large\"><a href=\"https:\/\/hubertpietka.bialystok.pl\/wp-content\/uploads\/2025\/12\/1000038488.jpg\"><img loading=\"lazy\" decoding=\"async\" width=\"1024\" height=\"771\" data-id=\"9961\" src=\"https:\/\/hubertpietka.bialystok.pl\/wp-content\/uploads\/2025\/12\/1000038488-1024x771.jpg\" alt=\"\" class=\"wp-image-9961\" srcset=\"https:\/\/hubertpietka.bialystok.pl\/wp-content\/uploads\/2025\/12\/1000038488-1024x771.jpg 1024w, https:\/\/hubertpietka.bialystok.pl\/wp-content\/uploads\/2025\/12\/1000038488-300x226.jpg 300w, https:\/\/hubertpietka.bialystok.pl\/wp-content\/uploads\/2025\/12\/1000038488-768x578.jpg 768w, https:\/\/hubertpietka.bialystok.pl\/wp-content\/uploads\/2025\/12\/1000038488-1536x1156.jpg 1536w, https:\/\/hubertpietka.bialystok.pl\/wp-content\/uploads\/2025\/12\/1000038488.jpg 1600w\" sizes=\"auto, (max-width: 1024px) 100vw, 1024px\" \/><\/a><\/figure>\n<\/figure>\n\n\n\n<p><em>Bo\u017ce dopom\u00f3\u017c bo te szatany<br>Z \u0142ajdactwem pospo\u0142u<br>Byleby tylko do swoich zbrodni<br>Bo\u017ce dopom\u00f3\u017c bo ob\u0142ud\u0105 sromotn\u0105<br>Chc\u0105 to wszystko wobec nas<br>Naszego naszych dzieci Bo\u017cych niewinnych<br>Ilu jeszcze maj\u0105 z\u0142o\u017cy\u0107<br>W ho\u0142dzie szatanowi te bestie<br>I zepsute ze wszech miar<br>\u0141ajdactwo wszelkie wsz\u0119dzie<br>Niech si\u0119 prze\u0142amie z\u0142owrogo\u015b\u0107 bestii<br>I moc szatana kt\u00f3r\u0105 chyba<br>Ju\u017c ca\u0142y \u015bwiat zdominowa\u0142a<br>Ob\u0142ud\u0105 ku wszelkim bestii zbrodniom<\/em><\/p>\n\n\n\n<p><strong><em><a href=\"https:\/\/youtu.be\/n1xmy-UyV5M\">Kazik i Kwartet Proforma &#8211; Nie dali ojce<\/a><\/em><\/strong><\/p>\n","protected":false},"excerpt":{"rendered":"<p>Sk\u00f3rsy\u0144skie szata\u0144skie bestie zbrodniarze mordercyNajpierw Sosnowski Witek i ktoTam jeszcze du\u017co ich by\u0142oA teraz Kazik perfidne szatanyA kto potem Muniek \u0141yczekSeba D\u017cem ca\u0142y takie szatanyWszystko&hellip; <\/p>\n","protected":false},"author":1,"featured_media":0,"parent":0,"menu_order":0,"comment_status":"closed","ping_status":"closed","template":"","meta":{"footnotes":""},"class_list":["post-9960","page","type-page","status-publish","hentry"],"_links":{"self":[{"href":"https:\/\/hubertpietka.bialystok.pl\/index.php?rest_route=\/wp\/v2\/pages\/9960","targetHints":{"allow":["GET"]}}],"collection":[{"href":"https:\/\/hubertpietka.bialystok.pl\/index.php?rest_route=\/wp\/v2\/pages"}],"about":[{"href":"https:\/\/hubertpietka.bialystok.pl\/index.php?rest_route=\/wp\/v2\/types\/page"}],"author":[{"embeddable":true,"href":"https:\/\/hubertpietka.bialystok.pl\/index.php?rest_route=\/wp\/v2\/users\/1"}],"replies":[{"embeddable":true,"href":"https:\/\/hubertpietka.bialystok.pl\/index.php?rest_route=%2Fwp%2Fv2%2Fcomments&post=9960"}],"version-history":[{"count":1,"href":"https:\/\/hubertpietka.bialystok.pl\/index.php?rest_route=\/wp\/v2\/pages\/9960\/revisions"}],"predecessor-version":[{"id":9962,"href":"https:\/\/hubertpietka.bialystok.pl\/index.php?rest_route=\/wp\/v2\/pages\/9960\/revisions\/9962"}],"wp:attachment":[{"href":"https:\/\/hubertpietka.bialystok.pl\/index.php?rest_route=%2Fwp%2Fv2%2Fmedia&parent=9960"}],"curies":[{"name":"wp","href":"https:\/\/api.w.org\/{rel}","templated":true}]}}