{"id":9970,"date":"2025-12-10T09:29:41","date_gmt":"2025-12-10T09:29:41","guid":{"rendered":"https:\/\/hubertpietka.bialystok.pl\/?page_id=9970"},"modified":"2025-12-10T09:53:21","modified_gmt":"2025-12-10T09:53:21","slug":"glupi-ja-a-madrosc-swiatowa-ku-klamstwom-i-obludy-zbrodniom","status":"publish","type":"page","link":"https:\/\/hubertpietka.bialystok.pl\/?page_id=9970","title":{"rendered":"G\u0142upi ja \/ a m\u0105dro\u015b\u0107 \u015bwiatowa &#8211; ku k\u0142amstwom i ob\u0142udy zbrodniom"},"content":{"rendered":"\n<p>Musz\u0119 to tak powiedzie\u0107<br>Bo si\u0119 *<strong>udusz\u0119<\/strong>* niejako<br>I w trosce *<strong>o dusze<\/strong>*<br>Zreszt\u0105 tak m\u00f3wi S\u0142owo Bo\u017ce<br>A Pisma \u015awi\u0119tego zgodnego<br>Z wyk\u0142adni\u0105 tradycji Ko\u015bcio\u0142a katolickiego<br>I w mocy Ducha \u015awi\u0119tego<br>Podwa\u017ca\u0107 nie mo\u017cna no chyba<br>\u017be t\u0105 szata\u0144sk\u0105 wsp\u00f3\u0142czesn\u0105 nowomow\u0105<br>A dla niekt\u00f3rych c\u00f3\u017c tam<br>Zreszt\u0105 S\u0142owo Bo\u017ce jakie\u015b<br>Jedzmy pijmy si\u0119 seksujmy wygodnie<br>Niekt\u00f3rzy tylko tego oczekuj\u0105<br>Od \u017cycia w zgodzie zreszt\u0105<br>Z nominacj\u0105 wsp\u00f3\u0142czesnych niewolnik\u00f3w<br>Bo zniewolonych cho\u0107by grzechem egoizmu<\/p>\n\n\n\n<p>M\u00f3wi S\u0142owo Bo\u017ce zatem<br>\u017be &#8222;g\u0142upi ci wszyscy<br>Kt\u00f3rzy Boga nie poznali&#8221;<br>Bo umiej\u0105 rozr\u00f3\u017cnia\u0107 wszelkie<br>Zwi\u0105zki \u015bwiatowe r\u00f3\u017cne przyczynowo-skutkowe<br>A nie widz\u0105 Boga Praprzyczyny<br>I \u017ce w Nim te\u017c<br>&#8222;Poruszamy si\u0119 i jeste\u015bmy&#8221;<br>Nie s\u0142u\u017c\u0105 dobru i Mu<br>Lecz zbrodniom i z\u0142u<br>Bo te sk\u0142adniki s\u0105 nieroz\u0142\u0105czne<\/p>\n\n\n\n<p>A ja p\u00f3jd\u0119 dalej<br>W zgodzie z tym tak\u017ce<br>\u017be g\u0142upi ci wszyscy<br>Kt\u00f3rzy s\u0142u\u017c\u0105 pod\u0142ug ob\u0142udy perfidnej<br>Z\u0142u zbrodniom tych bestii<br>G\u0142upi pod\u0142ug takiej ob\u0142udy wierutnej<br>Bo tym samym za z\u0142em<br>Szata\u0144skim si\u0119 opowiadaj\u0105 za wszelkimi<br>K\u0142amstwami zbrodni przeciwko dzieciom Bo\u017cym<br>Zw\u0142aszcza z tego narodu<br>Bo walcz\u0105 tak z\u0142em szata\u0144skim<br>Ob\u0142ud\u0105 perfidn\u0105 ku zbrodniom<br>Przeciwko tym dzieciom tego narodu<br>Niejako uderzaj\u0105c w samych siebie<br>Ale to przecie\u017c szczeg\u00f3\u0142<br>Bo szatan zawsze przedstawia to<br>Zgo\u0142a odmiennie \u017ce s\u0142u\u017c\u0105c zbrodniom<br>Pod\u0142ug ob\u0142udy k\u0142amliwej perfidnej wierutnie<br>S\u0142u\u017c\u0105 niby rzeczom nowym jakim\u015b<br>W tym \u015bwiecie<br>A tu nie ma nic<br>Nowego pod tym s\u0142o\u0144cem<br>Albo si\u0119 s\u0142u\u017cy z\u0142u szatanowi<br>Albo dobru w Bogu<br>Nie ma drogi pomi\u0119dzy<br>Wbrew iluzjom mistyfikacjom szata\u0144skim jakichkolwiek<\/p>\n\n\n\n<p>A teraz dla nich wszystkich<br>G\u0142upi ja jestem bo nie<br>Wybieram egoizmu \u015bwiatowo\u015bci jego grzech\u00f3w<br>Lecz s\u0142u\u017c\u0119 wiernie Bogu mi\u0142o\u015bci<br>G\u0142upi dla nich jestem<br>Bo niby m\u00f3g\u0142bym mie\u0107 wszystko<br>A nie widz\u0105 oczywi\u015bcie tego<br>\u017be zatraci\u0142bym Bo\u017ce warto\u015bci zdrad\u0105<br>Samego siebie i drogi swoje<br>Wiernej mi\u0142o\u015bci maluczkich dzieci Bo\u017cych<br>I nigdy si\u0119 nie opowiem<br>Za zbrodniami szatana pod\u0142ug k\u0142amstw<br>Zreszt\u0105 na kimkolwiek nigdy<br>Si\u0119 nie zgodz\u0119 z tym<br>Wobec tego g\u0142upi jestem<br>Dla tej ca\u0142ej \u015bwiatowo\u015bci zepsutej<\/p>\n\n\n\n<p>Poza tym dla dewot\u00f3w<br>Jestem zapewne nieczysty<br>Co tam dla nich<br>\u017be id\u0105 w m\u0142yn bestii<br>Przeciwko tym Bo\u017cym dzieciom<\/p>\n\n\n\n<p>A dla nieczystych odraz\u0105 jestem<br>Bo wypominam im niejako<br>Postawy zgubne niewierne niestabilne ca\u0142kowicie<br>Wobec warto\u015bci uniwersalnych w Bogu<\/p>\n\n\n\n<figure class=\"wp-block-image size-large\"><a href=\"https:\/\/hubertpietka.bialystok.pl\/wp-content\/uploads\/2025\/12\/1000038895.jpg\"><img loading=\"lazy\" decoding=\"async\" width=\"771\" height=\"1024\" src=\"https:\/\/hubertpietka.bialystok.pl\/wp-content\/uploads\/2025\/12\/1000038895-771x1024.jpg\" alt=\"\" class=\"wp-image-9971\" srcset=\"https:\/\/hubertpietka.bialystok.pl\/wp-content\/uploads\/2025\/12\/1000038895-771x1024.jpg 771w, https:\/\/hubertpietka.bialystok.pl\/wp-content\/uploads\/2025\/12\/1000038895-226x300.jpg 226w, https:\/\/hubertpietka.bialystok.pl\/wp-content\/uploads\/2025\/12\/1000038895-768x1021.jpg 768w, https:\/\/hubertpietka.bialystok.pl\/wp-content\/uploads\/2025\/12\/1000038895-1156x1536.jpg 1156w, https:\/\/hubertpietka.bialystok.pl\/wp-content\/uploads\/2025\/12\/1000038895.jpg 1204w\" sizes=\"auto, (max-width: 771px) 100vw, 771px\" \/><\/a><\/figure>\n\n\n\n<p><em>Tak\u017ce g\u0142upi ja ale mog\u0119<br>By\u0107 g\u0142upi w oczach \u015bwiatowych<br>Bylebym by\u0142 wierny w Bogu<br>Bo On zna serca<br>I przyznaje s\u0142uszno\u015b\u0107 tylko pod\u0142ug<br>Czysto\u015bci intencji i woli dobrej<br>Zwyci\u0119stwa prawdy ducha i mi\u0142o\u015bci<br>Z szata\u0144skimi \u015bwiatowymi k\u0142amstwami wszelkimi<br>R\u00f3\u017cnych ideologii ku \u015bmierci zniewoleniu<br>Tak\u017ce modl\u0119 si\u0119 nieustannie<br>O to w\u0142a\u015bnie bym wytrwa\u0142<br>W tych wiernych postawach<br>Warto\u015bci Bo\u017cych nawet je\u015bli<br>Pod\u0142ug dialektyki \u015bwiatowych k\u0142amstw<br>I ob\u0142udy wszelkiej orzeczonoby mnie<br>I cho\u0107by najg\u0142upszym z ludzi<\/em><\/p>\n\n\n\n<p><strong>Jezu ufam Tobie Maryjo prowad\u017a<br>Ku wi\u0119kszym sprawom Bo\u017cym<br>Wiernie zawsze i ten \u015bwiat<br>Tych wszystkich kt\u00f3rzy potrafi\u0105 rozr\u00f3\u017cnia\u0107<br>Jeszcze dobro od z\u0142a<br>Kt\u00f3rzy nie zatracili swego sumienia<br>Pod\u0142ug amoralno\u015bci wsp\u00f3\u0142czesnych niewolnik\u00f3w wygody<br>I kolaboracji ze z\u0142em wszelkim<br>Cho\u0107by ze zbrodniami ob\u0142udy bestii<\/strong><\/p>\n\n\n\n<p class=\"has-text-align-right\">~ ( <strong><em><a href=\"https:\/\/youtu.be\/Xnn7dNPDZlw\">Organek &#8211; G\u0142upi ja<\/a><\/em><\/strong> )<\/p>\n\n\n\n<p class=\"has-text-align-center\">~ ( <strong><em><a href=\"https:\/\/youtu.be\/pacmr87GIG0\">Sp\u00f3\u0142dzielnia Inwalid\u00f3w &#8211; Wyw\u00f3d jestemu<\/a><\/em><\/strong> ) <\/p>\n\n\n\n<p><strong><em><a href=\"https:\/\/youtu.be\/pacmr87GIG0\">Nie m\u0105dro\u015b\u0107 \u015bwiata tego &#8211; niemaGotu <\/a><\/em><\/strong><\/p>\n","protected":false},"excerpt":{"rendered":"<p>Musz\u0119 to tak powiedzie\u0107Bo si\u0119 *udusz\u0119* niejakoI w trosce *o dusze*Zreszt\u0105 tak m\u00f3wi S\u0142owo Bo\u017ceA Pisma \u015awi\u0119tego zgodnegoZ wyk\u0142adni\u0105 tradycji Ko\u015bcio\u0142a katolickiegoI w mocy Ducha&hellip; <\/p>\n","protected":false},"author":1,"featured_media":0,"parent":0,"menu_order":0,"comment_status":"closed","ping_status":"closed","template":"","meta":{"footnotes":""},"class_list":["post-9970","page","type-page","status-publish","hentry"],"_links":{"self":[{"href":"https:\/\/hubertpietka.bialystok.pl\/index.php?rest_route=\/wp\/v2\/pages\/9970","targetHints":{"allow":["GET"]}}],"collection":[{"href":"https:\/\/hubertpietka.bialystok.pl\/index.php?rest_route=\/wp\/v2\/pages"}],"about":[{"href":"https:\/\/hubertpietka.bialystok.pl\/index.php?rest_route=\/wp\/v2\/types\/page"}],"author":[{"embeddable":true,"href":"https:\/\/hubertpietka.bialystok.pl\/index.php?rest_route=\/wp\/v2\/users\/1"}],"replies":[{"embeddable":true,"href":"https:\/\/hubertpietka.bialystok.pl\/index.php?rest_route=%2Fwp%2Fv2%2Fcomments&post=9970"}],"version-history":[{"count":3,"href":"https:\/\/hubertpietka.bialystok.pl\/index.php?rest_route=\/wp\/v2\/pages\/9970\/revisions"}],"predecessor-version":[{"id":9974,"href":"https:\/\/hubertpietka.bialystok.pl\/index.php?rest_route=\/wp\/v2\/pages\/9970\/revisions\/9974"}],"wp:attachment":[{"href":"https:\/\/hubertpietka.bialystok.pl\/index.php?rest_route=%2Fwp%2Fv2%2Fmedia&parent=9970"}],"curies":[{"name":"wp","href":"https:\/\/api.w.org\/{rel}","templated":true}]}}