{"id":9989,"date":"2025-12-13T22:11:09","date_gmt":"2025-12-13T22:11:09","guid":{"rendered":"https:\/\/hubertpietka.bialystok.pl\/?page_id=9989"},"modified":"2025-12-13T22:18:15","modified_gmt":"2025-12-13T22:18:15","slug":"wszelcy-obludni-instrumentariusze-falszywej-wizji-manipulowania-swiatem-bestii","status":"publish","type":"page","link":"https:\/\/hubertpietka.bialystok.pl\/?page_id=9989","title":{"rendered":"Wszelcy ob\u0142udni instrumentariusze \/ fa\u0142szywej wizji manipulowania \u015bwiatem bestii"},"content":{"rendered":"\n<p>1.<br>Szata\u0144skie bestie po prostu<br>I \u0142ajdactwo wszelkie to \u017ce<br>Nie b\u0119d\u0119 mia\u0142 dzieci<br>Nie znaczy przecie\u017c wcale<br>\u017be jestem przeciwko wszystkim dzieciom<br>Czy cho\u0107by m\u0142odzie\u017cy mo\u017ce tylko<br>Tym zepsutym t\u0105 pod\u0142ug bestii<br>Ob\u0142ud\u0105 wierutn\u0105 ale to przecie\u017c<br>Nie ich wina tylko ich<br>Skorumpowanych z\u0142em bestii bliskich \u0142ajdackich<br>I chorego systemu totalno\u015bci z\u0142a<br>Tych bestii i \u0142ajdak\u00f3w wszelkich<br>I wcale to nie znaczy<br>Szatany \u017ce jestem za aborcj\u0105<br>Czy eutanazj\u0105 zreszt\u0105 niepe\u0142nosprawnych jakichkolwiek<\/p>\n\n\n\n<p>A z m\u0142odzie\u017c\u0105 no c\u00f3\u017c<br>Pami\u0119tam jakim by\u0142em ju\u017c wtedy<br>Nie by\u0142o \u0142atwo kontestowa\u0107 system<br>Antywarto\u015bci i egoizmu tego \u015bwiata<br>A co dopiero teraz<br>I te\u017c mi si\u0119 wydawa\u0142o<br>\u017be zawsze b\u0119d\u0119 m\u0142ody silny<br>\u017be ja si\u0119 nie dam<br>Temu \u015bwiatu zdziadzi\u0107<br>C\u00f3\u017c takie prawa m\u0142odo\u015bci naiwnej<\/p>\n\n\n\n<p><a href=\"https:\/\/youtu.be\/ivJc4FlERCg\"><strong><em>Magda Umer &#8211; Ta nasza m\u0142odo\u015b\u0107<\/em><\/strong> <\/a><\/p>\n\n\n\n<p>2.<br>Albo szatany bestie i \u0142ajdacy<br>To \u017ce zawsze do ko\u0144ca<br>B\u0119d\u0119 sta\u0142 za moj\u0105 \u017con\u0105<br>Bo to jest wierne prawo<br>Mi\u0142o\u015bci w Bogu to wcale<br>Jednak nie znaczy \u017ce jestem<br>Przeciwny wszystkim kobietom geniusz kobieco\u015bci<br>Dostrzeg\u0142 przecie\u017c wcze\u015bniej \u015bw. Jan Pawe\u0142 II<br>Ale to te\u017c nie znaczy<br>\u017be z byle kt\u00f3r\u0105 pod\u0142ug<br>Tych bestii si\u0119 \u0142ajdaczy\u0142 b\u0119d\u0119<br>Nie ma dla mnie drogi<br>Takiej wbrew tym szatanom wszelakim<br>Wbrew tym \u0142ajdakom kt\u00f3re przekr\u0119caj\u0105<br>Moje s\u0142owa ob\u0142ud\u0105 pod\u0142\u0105<br>Byleby tylko z\u0142o uczyni\u0107 nam<br>Naszemu i naszym wykr\u0119caj\u0105c intencje<br>Naszego w mi\u0142o\u015bci wsp\u00f3\u0142trwania wiernego<br>Byleby tylko poszatani\u0107 pod\u0142ug bestii<\/p>\n\n\n\n<p>Bo te szatany bestie \u0142ajdaki<br>Tworz\u0105 alternatywn\u0105 rzeczywisto\u015b\u0107 k\u0142amstw fa\u0142szu<br>Kt\u00f3r\u0105 pr\u00f3buj\u0105 potwierdzi\u0107 wszelkimi mistyfiakcjami<br>A maj\u0105 na to przecie\u017c<br>Wszelkich \u0142ajdak\u00f3w w ob\u0142udzie odpowiednich<br>Tworz\u0105 szatany scenariusz cho\u0107by mojej<br>Czy naszej nieczysto\u015bci<br>Bo pasuje im ta teza<br>K\u0142amliwa wierutnie by m\u00f3c skompromitowa\u0107<br>Nasz\u0105 czysto\u015b\u0107 wiern\u0105 postaw\u0119 Bogu<br>I sobie i potem pr\u00f3buj\u0105<br>To niby udowadnia\u0107 szata\u0144skimi metodami<br>Pod\u0142ug ob\u0142udy tych bestii<br>I wszelkiego \u0142ajdactwa nieczysto\u015bci wszelkiej<br>Bo dla nieczystych w sensie<br>Cho\u0107by \u0142ajdaczenia si\u0119 wsz\u0119dzie<br>Takim chc\u0105 widzie\u0107 te\u017c innych<\/p>\n\n\n\n<p><strong><em><a href=\"https:\/\/hubertpietka.bialystok.pl\/?page_id=9989\">Magda Umer &#8211; Walc \/ z filmu &#8222;Noce i Dnie&#8221; <\/a><\/em><\/strong><\/p>\n\n\n\n<p>3.<br>A tak w og\u00f3le to<br>Przecie\u017c nie ma wobec nas<br>\u017badnego \u0142ajdaczenia ob\u0142udy prze\u015bladowa\u0144 itp.<br>Jest nowy stary wspania\u0142y \u015bwiat<br>Tych bestii w kt\u00f3rym przecie\u017c<br>Znajduj\u0105 si\u0119 \u015bwietnie \u0142ajdaki sprzedajne<br>Zreszt\u0105 wszelkie cho\u0107by ta podwija<br>Wspania\u0142y \u015bwiat bo dominacja przemocy<br>Tych bestii daje mo\u017cliwo\u015b\u0107 \u0142ajdaczenia<br>R\u00f3\u017cnych bydlak\u00f3w wsz\u0119dzie i zawsze<br>Wspania\u0142y ten bestii \u015bwiat<br>Nie ma k\u0142amstw i zabijania<br>S\u0105 tylko paranoicy kt\u00f3rym<br>Tak si\u0119 tylko wydaje<br>Ale przecie\u017c wed\u0142ug wspania\u0142omy\u015blno\u015bci bestii<br>I \u0142ajdak\u00f3w te\u017c odpowiednich<br>Powinni na takich machn\u0105\u0107 r\u0119k\u0105<br>C\u00f3\u017c tam i tacy<br>Dla ich sn\u00f3w o pot\u0119dze<\/p>\n\n\n\n<p>Wspania\u0142y by\u0142 te\u017c przecie\u017c system<br>Podobny do tego bestii wsp\u00f3\u0142czesnego<br>Wtedy w PRL-u gdzie mogli<br>Przecie\u017c \u017cy\u0107 cudnie \u0142ajdacy wszelcy<br>Tylko g\u0142upi ludzie to posp\u00f3lstwo<br>Nie chcia\u0142o tego jako\u015b zrozumie\u0107<br>\u017be s\u0105 ci lepsi kt\u00f3rym<br>Nale\u017cy si\u0119 przecie\u017c wszystko<br>A inni powinni si\u0119 zadowoli\u0107<br>Tym co im si\u0119 daje<br>Niewa\u017cne och\u0142ap czy luksus czasem<br>Taki te\u017c trzeba rzuci\u0107 \u0142askawie<br>Dla tego niem\u0105drego posp\u00f3lstwa<br>Kt\u00f3re nie rozumie roli przewodniej<br>W narodzie i \u015bwiecie<br>Tych bestii i \u0142ajdactwa wszelkiego<\/p>\n\n\n\n<p>4.<br>Rocznica wybuchu stanu wojennego dzisiaj<br>Jako\u015b wtedy nie mogli tego<br>Zrozumie\u0107 ci g\u0142upi zwykli ludzie<br>Wi\u0119c z punktu widzenia elity<br>Komunistycznej w\u0142adzy tak trzeba by\u0142o<br>Odpowiednio zadzia\u0142a\u0107 rozprawi\u0107 si\u0119 solennie<br>Z t\u0105 jak\u0105\u015b Solidarno\u015bci\u0105<br>A po co to komu<br>Teraz bestie i \u0142ajdactwo m\u0105drzejsze<br>Bo tych przeciwnik\u00f3w inteligencje naukowc\u00f3w<br>I innych tak\u017ce likwiduj\u0105<br>Na bie\u017c\u0105co rzec mo\u017cna<br>Jak hitlerowcy ten element niepo\u017c\u0105dany<br>I wszystko jest jasne<br>Przemoc szata\u0144ska bestii stawia przecie\u017c<br>Jasne granice i zapewne te\u017c<br>Nie dopu\u015bci\u0107 do jakiego\u015b posp\u00f3lstwa<br>Cho\u0107by buntu mo\u017cna powiedzie\u0107 eksterminacja<br>Planowa i uporz\u0105dkowana zdaje egzamin<br>W podporz\u0105dkowaniu wszelkich niepokornych<br>Czy niedostosowanych do bestii w\u0142adzy<br>A tych kt\u00f3rych wtedy<br>Nie dopad\u0142 system komunistyczny<br>Dopa\u015b\u0107 ma zapewne system bestii<br>R\u00f3wnie totalitarny i pewnie<br>W pom\u015bcie za tamto<br>Ma si\u0119 z takimi rozprawi\u0107<\/p>\n\n\n\n<p><strong><em><a href=\"https:\/\/youtu.be\/0FGs2JsWk2Y\">Magda Umer i Stanis\u0142aw Soyka &#8211; W \u017c\u00f3\u0142tych p\u0142omieniach li\u015bci <\/a><\/em><\/strong><\/p>\n\n\n\n<p>5.<br>I niech si\u0119 szatany zdecyduj\u0105<br>W tym cho\u0107by przymrozek<br>Czy jednak odwil\u017c m\u00f3wi\u0105c te\u017c<br>Metaforycznie cho\u0107by i ob\u0142udnicy wszelcy<br>Je\u015bli z\u0142o odpowiednie pod\u0142ug po\u017c\u0105da\u0144<br>Tych bestii i \u0142ajdactwa<br>To jak\u017ce\u017c przypadkowe skoro wpisuje<br>Si\u0119 w polityk\u0119 totalizmu z\u0142a<br>Szata\u0144skiego wszelkiego dla tych ma\u0142ych<br>Ichniemu i ichniemu bo przecie\u017c<br>To s\u0105 te same kalki<br>Te same schematy maj\u0105ce uderza\u0107<br>W nas naszych i nasze<br>Cho\u0107by tym rykoszetem szata\u0144skim<br>Byleby tylko pod\u0142ug po\u017c\u0105da\u0144 bestii<br>I tego zepsutego \u0142ajdactwa wszelkiego<br>Ale powtarzalno\u015b\u0107 ob\u0142udy wszelkiej<br>Pod\u0142ug tych bestii ma zawsze<br>Bytu swego racj\u0119 pod\u0142ug dyspozycji<br>Wszelk\u0105 przemoc\u0105 ukryt\u0105 i bezpo\u015bredni\u0105<br>Tych szata\u0144skich bestii i bydlak\u00f3w<br>A no tak pogada sama<br>Taka kapry\u015bna no zobacz<br>Tak akurat zawsze jak pasuje<br>Tym bestiom szata\u0144skim ob\u0142udnikom skorumpowanym<\/p>\n\n\n\n<p><strong><em><a href=\"https:\/\/youtu.be\/TKDP0d9SJto\">Magda Umer &#8211; Koncert jesienny na dwa \u015bwierszcze i wiatr w kominie <\/a><\/em><\/strong><\/p>\n\n\n\n<p><strong>Jak nie zabi\u0107 to zniewoli\u0107<br>Lub chocia\u017c jako\u015b uderza\u0107 zaszkodzi\u0107<br>Ani mi Ani<br>Z naszymi i naszym<br>I nie spadaj\u0105 wszelkie zepsute<br>Wierutne ob\u0142ud\u0105 przemocy szatany jakiekolwiek<\/strong><\/p>\n\n\n\n<figure class=\"wp-block-gallery has-nested-images columns-default is-cropped wp-block-gallery-1 is-layout-flex wp-block-gallery-is-layout-flex\">\n<figure class=\"wp-block-image size-large\"><a href=\"https:\/\/hubertpietka.bialystok.pl\/wp-content\/uploads\/2025\/12\/1000039613-scaled.jpg\"><img loading=\"lazy\" decoding=\"async\" width=\"1024\" height=\"771\" data-id=\"9990\" src=\"https:\/\/hubertpietka.bialystok.pl\/wp-content\/uploads\/2025\/12\/1000039613-1024x771.jpg\" alt=\"\" class=\"wp-image-9990\" srcset=\"https:\/\/hubertpietka.bialystok.pl\/wp-content\/uploads\/2025\/12\/1000039613-1024x771.jpg 1024w, https:\/\/hubertpietka.bialystok.pl\/wp-content\/uploads\/2025\/12\/1000039613-300x226.jpg 300w, https:\/\/hubertpietka.bialystok.pl\/wp-content\/uploads\/2025\/12\/1000039613-768x578.jpg 768w, https:\/\/hubertpietka.bialystok.pl\/wp-content\/uploads\/2025\/12\/1000039613-1536x1157.jpg 1536w, https:\/\/hubertpietka.bialystok.pl\/wp-content\/uploads\/2025\/12\/1000039613-2048x1542.jpg 2048w\" sizes=\"auto, (max-width: 1024px) 100vw, 1024px\" \/><\/a><\/figure>\n<\/figure>\n\n\n\n<p><em>Na zdj. Bulwary supraskie noc\u0105<br>A jakie suprise niespodzianki szata\u0144skie<br>Czy spodziaki kt\u00f3re przecie\u017c wielokrotnie<br>Tu przemawiam nie wa\u017cne<br>Byle by tylko pod\u0142ug bestii<br>I wszelkiego \u0142ajdactwa z\u0142o szata\u0144skie<br>Dla nas naszego i naszych<br>Nie mog\u0105 znie\u015b\u0107 przecie\u017c wszyscy<br>Ci ob\u0142ud\u0105 zepsuci \u017ce my<br>Jeszcze chodzimy po tym \u015bwiecie<br>Zbyt du\u017ca ju\u017c zajad\u0142o\u015b\u0107<br>Ta nienawi\u015b\u0107 z\u0142owroga by mogli<br>To znosi\u0107 spokojnie sobie twardog\u0142owi<br>Niemoralno\u015bci\u0105 zreszt\u0105 chyba mo\u017cliw\u0105 wszelk\u0105<\/em><\/p>\n\n\n\n<p><em>I te\u017c przecie\u017c tezom<br>I re\u017cimowi bestii s\u0142u\u017cy\u0107 maj\u0105<br>Wszelcy fa\u0142szywi bracia i pacyny<br>Kt\u00f3rzy tak\u017ce z bestiami zawsze<br>Do jednej graj\u0105 bramki<br>Byleby tylko skompromitowa\u0107 tych ma\u0142ych<br>Uderza\u0107 tak\u017ce w ko\u015bciele<br>W tych ma\u0142ych Bogu wiernych<br>Takie wierutne w k\u0142amstwie bydlaki<br>Przecie\u017c nieprzypadkowo z ko\u015bcio\u0142\u00f3w czyni\u0105<br>Jaskinie wszelkich zb\u00f3jc\u00f3w napastnik\u00f3w zab\u00f3jc\u00f3w<br>I g\u0142oszenie wszelkiego jadu \u017cmijowego<br>Poza rozsiewaniem biblijnej ohydy spustoszenia<\/em><\/p>\n\n\n\n<p><em>Instrumentariusze z\u0142a bestii na poziomach<br>Zreszt\u0105 wszelkich cho\u0107by nas wkr\u0119cania<br>Te\u017c w r\u00f3\u017cne kradzie\u017ce k\u0142amstwa<br>Czy co tam lubi\u0105 bestie<br>I jeszcze dla nas z\u0142ego<br>Byleby tylko osi\u0105gn\u0105\u0107 szata\u0144skie cele<\/em><\/p>\n\n\n\n<p><em>To te\u017c przecie\u017c ma potwierdza\u0107<br>Szata\u0144skie tezy tych bestii wszelkie<br>Te\u017c si\u0119 wpisuje w tworzenie<br>Alternatywnej szata\u0144skiej wizji \u015bwiata nas<br>Prawdy i tego co jest<br>A jakby te\u017c chcia\u0142y bestie<br>I \u0142ajdaki wszelkie nas skompromitowa\u0107<br>To chocia\u017c je\u015bli si\u0119<br>Nie uda wcze\u015bniej zabi\u0107 zniewoli\u0107<br>Bo przecie\u017c uderza\u0107 zawsze mo\u017cna<br>By nam co\u015b zabra\u0107 zniszczy\u0107<br>Jako\u015b nam jakkolwiek zreszt\u0105 zaszkodzi\u0107<\/em><\/p>\n\n\n\n<p><em>A poza tym pod\u0142ug bestii<br>Mo\u017ce nas zawsze wy\u015bmiewa\u0107 to<br>Szata\u0144stwo wierutne ob\u0142udnik\u00f3w twardog\u0142owych wszelkich<br>Chocia\u017c tak wy\u015bmia\u0107 wyszydzi\u0107 o\u015bmieszy\u0107<br>Byleby tylko wszystko pod\u0142ug bestii<br>Ich planu nas zniszczenia<br>Poprzez cho\u0107by zniszczenie dobrego imienia<\/em><\/p>\n\n\n\n<p><strong><em><a href=\"https:\/\/youtu.be\/aRcHXw5HGKA\">Magda Umer &#8211; Ju\u017c szumi\u0105 kasztany <\/a><\/em><\/strong> <\/p>\n\n\n\n<p><strong><em>(RIP)<\/em><\/strong><\/p>\n","protected":false},"excerpt":{"rendered":"<p>1.Szata\u0144skie bestie po prostuI \u0142ajdactwo wszelkie to \u017ceNie b\u0119d\u0119 mia\u0142 dzieciNie znaczy przecie\u017c wcale\u017be jestem przeciwko wszystkim dzieciomCzy cho\u0107by m\u0142odzie\u017cy mo\u017ce tylkoTym zepsutym t\u0105 pod\u0142ug&hellip; <\/p>\n","protected":false},"author":1,"featured_media":0,"parent":0,"menu_order":0,"comment_status":"closed","ping_status":"closed","template":"","meta":{"footnotes":""},"class_list":["post-9989","page","type-page","status-publish","hentry"],"_links":{"self":[{"href":"https:\/\/hubertpietka.bialystok.pl\/index.php?rest_route=\/wp\/v2\/pages\/9989","targetHints":{"allow":["GET"]}}],"collection":[{"href":"https:\/\/hubertpietka.bialystok.pl\/index.php?rest_route=\/wp\/v2\/pages"}],"about":[{"href":"https:\/\/hubertpietka.bialystok.pl\/index.php?rest_route=\/wp\/v2\/types\/page"}],"author":[{"embeddable":true,"href":"https:\/\/hubertpietka.bialystok.pl\/index.php?rest_route=\/wp\/v2\/users\/1"}],"replies":[{"embeddable":true,"href":"https:\/\/hubertpietka.bialystok.pl\/index.php?rest_route=%2Fwp%2Fv2%2Fcomments&post=9989"}],"version-history":[{"count":2,"href":"https:\/\/hubertpietka.bialystok.pl\/index.php?rest_route=\/wp\/v2\/pages\/9989\/revisions"}],"predecessor-version":[{"id":9993,"href":"https:\/\/hubertpietka.bialystok.pl\/index.php?rest_route=\/wp\/v2\/pages\/9989\/revisions\/9993"}],"wp:attachment":[{"href":"https:\/\/hubertpietka.bialystok.pl\/index.php?rest_route=%2Fwp%2Fv2%2Fmedia&parent=9989"}],"curies":[{"name":"wp","href":"https:\/\/api.w.org\/{rel}","templated":true}]}}